NOAA style reports

NOAA-style Climate Reports

Selecione o Ano ou Mês do relatório
V/Λ2020 > Jan Fev Mar Abr Mai Jun Jul Ago Set Out Nov Dez
V/Λ2019 > Jan Fev Mar Abr Mai Jun Jul Ago Set Out Nov Dez
V/Λ2018 > Jan Fev Mar Abr Mai Jun Jul Ago Set Out Nov Dez
V/Λ2017 > Jan Fev Mar Abr Mai Jun Jul Ago Set Out Nov Dez
V/Λ2016 > Jan Fev Mar Abr Mai Jun Jul Ago Set Out Nov Dez
V/Λ2015 > Jan Fev Mar Abr Mai Jun Jul Ago Set Out Nov Dez

Report for 2019 Dez
                   Monthly Climatological Summary for Dez 2019

Name: Meteo Torres Vedras   City: Torres Vedras   State: Torres Vedras - Portugal
Elevation: 50 ft  Lat: N 39 05 12   Lon: W 009 15 29

                  Temperature (°C), Rain (mm), Wind Speed (km/h)

                                      Heat  Cool        Avg
    Mean                              Deg   Deg         Wind                 Dom
Day Temp  High   Time   Low    Time   Days  Days  Rain  Speed High   Time    Dir
----------------------------------------------------------------------------------
01  12,0  12,5   22:25   0,0   22:25   0,4   0,0   0,0   4,8  20,9   22:41     N
02  11,9  17,9   14:22   8,0   07:33   6,4   0,0   0,0   3,4  23,8   15:35     N
03  10,5  20,1   13:41   5,1   07:42   7,9   0,1   0,0   1,6  15,9   14:38   WSW
04   8,9  16,4   15:17   3,2   06:18   9,4   0,0   0,0   1,2  11,5   16:19   SSE
05  11,5  19,4   14:39   6,4   07:12   6,9   0,1   0,0   1,6  20,2   15:03   ENE
06  11,7  20,2   14:24   5,8   05:20   6,7   0,2   0,0   1,6  18,0   13:11     E
07  11,7  18,6   13:38   7,6   08:06   6,6   0,0   0,0   1,1  12,3   15:09    NW
08  14,1  15,8   13:11  11,3   00:10   4,2   0,0   0,3   1,9  15,1   11:58    SW
09  13,3  18,9   14:40   9,1   23:04   5,1   0,0   0,3   1,1  18,0   10:29     N
10  10,5  19,4   13:51   4,0   07:53   7,8   0,0   0,0   1,0  13,0   17:09   SSW
11  11,9  15,5   14:16   8,0   23:26   6,4   0,0   0,3   3,4  36,8   13:38    NW
12  13,2  15,2   12:54   7,9   00:16   5,1   0,0   0,3   7,8  46,1   14:21     W
13  14,4  16,3   12:51  13,1   22:17   3,9   0,0   1,5   5,5  31,0   13:31     W
14  13,3  16,0   14:18  11,4   07:58   5,0   0,0   0,0   6,6  30,3   14:01   SSW
15  13,9  15,6   14:36  11,9   00:25   4,4   0,0   2,1  11,8  45,4   12:26   SSW
16  11,3  12,4   00:14   9,9   18:55   7,0   0,0   5,4   1,3  21,6   23:48   WSW
17  10,9  15,4   10:39   7,1   07:51   5,8   0,0   0,6   4,8  26,7   23:49    SW
18  15,7  17,4   18:24  12,6   00:00   2,5   0,0   0,3  18,0  72,1   18:23   SSW
19   0,0   0,0   00:00   0,0   00:00   0,0   0,0   0,0  ----   0,0   00:00     N
20   0,0   0,0   00:00   0,0   00:00   0,0   0,0   0,0  ----   0,0   00:00     N
21   0,0   0,0   19:06   0,0   19:06   0,0   0,0   0,0  ----   0,0   19:06     N
22   0,0   0,0   12:14   0,0   12:14   0,0   0,0   0,0  ----   0,0   12:14     N
23   0,0   0,0   00:00   0,0   00:00   0,0   0,0   0,0  ----   0,0   00:00     N
24   0,0   0,0   00:00   0,0   00:00   0,0   0,0   0,0  ----   0,0   00:00     N
25   0,0   0,0   00:00   0,0   00:00   0,0   0,0   0,0  ----   0,0   00:00     N
26   0,0   0,0   17:53   0,0   17:53   0,0   0,0   0,0  ----   0,0   17:53     N
27   0,0   0,0   00:00   0,0   00:00   0,0   0,0   0,0  ----   0,0   00:00     N
28   0,0   0,0   00:00   0,0   00:00   0,0   0,0   0,0  ----   0,0   00:00     N
29   8,9   9,8   21:38   0,0   00:00   0,9   0,0  41,7   0,7   2,2   22:53     S
30   7,3  10,4   20:09   6,2   03:40  11,0   0,0   0,0   1,0   4,3   02:49     S
31   8,4   8,4   00:00   8,4   00:00   9,9   0,0   0,0   0,7   0,7   00:00     N
----------------------------------------------------------------------------------
     7,9  20,2     6     0,0     1   123,3   0,4  52,8   3,9  72,1    18      SW

Max >=  27,0  0
Max <=  15,0 15
Min <=  10,0 26
Min <=   5,0 14
Max Rain: 41,7 on day 29
Days of Rain: 10 (>= 0,2 mm)  3 (>= 2,0 mm)  1 (>= 20,0 mm)
Heat Base: 18,3  Cool Base: 18,3  Method: Integration