NOAA style reports

NOAA-style Climate Reports

Selecione o Ano ou Mês do relatório
V/Λ2019 > Jan Fev Mar Abr Mai Jun Jul Ago Set Out Nov Dez
V/Λ2018 > Jan Fev Mar Abr Mai Jun Jul Ago Set Out Nov Dez
V/Λ2017 > Jan Fev Mar Abr Mai Jun Jul Ago Set Out Nov Dez
V/Λ2016 > Jan Fev Mar Abr Mai Jun Jul Ago Set Out Nov Dez
V/Λ2015 > Jan Fev Mar Abr Mai Jun Jul Ago Set Out Nov Dez

Report for 2019 Nov
                   Monthly Climatological Summary for Nov 2019

Name: Meteo Torres Vedras   City: Torres Vedras   State: Torres Vedras - Portugal
Elevation: 50 ft  Lat: N 39 05 12   Lon: W 009 15 29

                  Temperature (°C), Rain (mm), Wind Speed (km/h)

                                      Heat  Cool        Avg
    Mean                              Deg   Deg         Wind                 Dom
Day Temp  High   Time   Low    Time   Days  Days  Rain  Speed High   Time    Dir
----------------------------------------------------------------------------------
01  19,1  20,3   11:50  18,0   05:01   0,0   0,9   0,6   0,0  26,7   20:53     W
02  18,1  19,4   00:10  16,9   22:57   0,3   0,1   1,2   1,9  24,5   19:14    SW
03  16,6  18,2   15:17  15,5   22:51   0,5   0,0   0,0   6,6  21,6   23:41    SW
04  17,8  19,7   10:51  16,3   00:25   0,5   0,1   0,0  11,2  53,4   11:44    SW
05  13,4  13,8   21:50  12,9   23:50   0,4   0,0   0,3   0,3   4,3   21:53    SW
06  14,7  19,2   12:46  11,7   01:56   3,6   0,0   0,0   3,2  25,2   13:48     W
07  14,8  18,7   13:42  11,4   23:48   3,5   0,0   0,0   4,0  36,8   19:08     W
08  13,3  19,2   13:52  10,0   23:52   5,0   0,0   0,0   1,9  26,0   02:38    SW
09  12,7  16,7   11:49   8,7   05:36   5,6   0,0   0,0   4,4  33,9   11:38    SW
10  14,3  17,5   11:11  13,0   07:07   4,0   0,0   0,0   3,4  31,7   12:06   WSW
11  14,6  18,0   15:02  12,4   22:55   3,7   0,0   0,0   1,6  21,6   16:10    SW
12  13,7  16,2   14:43   9,9   07:02   4,6   0,0   0,0   2,7  28,1   23:07   WSW
13  15,6  18,5   16:30  13,1   19:56   2,7   0,0   0,0   4,8  37,5   01:22   WSW
14  13,0  16,2   11:27   9,5   23:35   5,3   0,0   0,0   6,1  47,6   06:25     W
15  10,3  14,6   13:36   7,6   06:09   8,0   0,0   0,0   3,1  49,0   16:20   SSW
16  10,9  18,1   13:48   4,9   06:20   4,9   0,0   0,0   2,0  20,9   14:52    SW
17   0,0   0,0   00:00   0,0   00:00   0,0   0,0   0,0  ----   0,0   00:00     N
18   0,0   0,0   00:00   0,0   00:00   0,0   0,0   0,0  ----   0,0   00:00     N
19   0,0   0,0   11:10   0,0   11:10   0,0   0,0   0,0  ----   0,0   11:10     N
20   0,0   0,0   00:00   0,0   00:00   0,0   0,0   0,0  ----   0,0   00:00     N
21   0,0   0,0   00:00   0,0   00:00   0,0   0,0   0,0  ----   0,0   00:00     N
22   0,0   0,0   00:00   0,0   00:00   0,0   0,0   0,0  ----   0,0   00:00     N
23   0,0   0,0   00:00   0,0   00:00   0,0   0,0   0,0  ----   0,0   00:00     N
24   0,0   0,0   00:00   0,0   00:00   0,0   0,0   0,0  ----   0,0   00:00     N
27  17,2  17,9   14:06   0,0   14:06   0,2   0,0   0,0  ----  23,8   14:40   SSW
28  16,1  16,6   23:54   0,0   22:59   0,1   0,0   1,8  17,7  34,6   23:38    SW
29  16,6  16,6   00:00  16,6   00:00   0,0   0,0   0,0  ----  19,5   00:00     N
30  16,6  16,6   00:00  16,6   00:00   0,0   0,0   0,0  ----  19,5   00:00     N
----------------------------------------------------------------------------------
    10,7  20,3     1     0,0    17    52,9   1,1   3,9   3,6  53,4     4      SW

Max >=  27,0  0
Max <=  15,0 10
Min <=  10,0 16
Min <=   5,0 11
Max Rain: 1,8 on day 28
Days of Rain: 4 (>= 0,2 mm)  0 (>= 2,0 mm)  0 (>= 20,0 mm)
Heat Base: 18,3  Cool Base: 18,3  Method: Integration