NOAA style reports

NOAA-style Climate Reports

Selecione o Ano ou Mês do relatório
V/Λ2019 > Jan Fev Mar Abr Mai Jun Jul Ago Set Out Nov Dez
V/Λ2018 > Jan Fev Mar Abr Mai Jun Jul Ago Set Out Nov Dez
V/Λ2017 > Jan Fev Mar Abr Mai Jun Jul Ago Set Out Nov Dez
V/Λ2016 > Jan Fev Mar Abr Mai Jun Jul Ago Set Out Nov Dez
V/Λ2015 > Jan Fev Mar Abr Mai Jun Jul Ago Set Out Nov Dez

Report for 2018 Jan
                   Monthly Climatological Summary for Jan 2018

Name: Meteo Torres Vedras   City: Torres Vedras   State: Torres Vedras - Portugal
Elevation: 50 ft  Lat: N 39 05 12   Lon: W 009 15 29

                  Temperature (°C), Rain (mm), Wind Speed (km/h)

                                      Heat  Cool        Avg
    Mean                              Deg   Deg         Wind                 Dom
Day Temp  High   Time   Low    Time   Days  Days  Rain  Speed High   Time    Dir
----------------------------------------------------------------------------------
01  13,3  14,0   18:27  13,2   00:00   4,9   0,0   0,0   1,9   7,2   19:13   WNW
02  14,9  15,5   13:34   0,0   13:34   1,5   0,0   0,0   7,8  22,4   23:26    SW
03  13,9  14,3   02:31  13,9   06:08   4,4   0,0   0,0   2,7  12,3   05:41    SW
04  13,9  13,9   00:00  13,9   00:00   4,4   0,0   0,0   2,9   2,9   00:00    SW
05  12,0  13,9   00:00   8,0   23:47   6,2   0,0  13,5   3,5  29,6   10:01    SW
06   9,3  12,4   12:51   7,1   01:09   9,0   0,0   1,2   2,0  33,2   00:10   NNW
07  11,0  12,8   14:01   9,5   20:46   7,3   0,0   5,4   4,7  49,0   21:29    NW
08   8,4  14,3   14:35   4,0   08:23   9,9   0,0   0,3   1,5  19,5   00:30   SSE
09  10,6  13,6   14:56   5,6   00:00   7,7   0,0   9,6   7,5  51,2   09:51     S
10  12,6  15,7   11:01   8,8   00:00   5,7   0,0   1,5   7,1  88,0   11:11    SW
11  11,6  14,5   14:17   7,8   22:27   6,7   0,0   0,6   3,3  28,1   09:15   WNW
12   9,7  12,7   12:23   6,7   06:18   8,6   0,0   0,0   5,3  30,3   20:43    SE
13  10,7  10,7   00:00  10,7   00:00   7,6   0,0   0,0   9,4  13,7   00:00    SE
14  10,5  10,7   00:00   5,2   23:24   7,6   0,0  14,7   9,2  13,7   00:00    SE
15   2,0   5,3   00:00   1,6   06:24  16,3   0,0   0,0   0,1   3,6   04:07     S
16   1,6   1,6   00:00   1,6   00:00  16,7   0,0   0,0   0,0   0,0   00:00     N
17   1,6   1,6   00:00   1,6   00:00  16,7   0,0   0,0   0,0   0,0   00:00     N
18   3,4  11,8   20:08   1,6   00:00  14,8   0,0   0,0   0,8  23,8   20:16    NW
19  11,8  11,8   00:00  11,8   00:00   6,5   0,0   0,0   4,3   3,6   00:00   WNW
20  11,8  11,8   00:00  11,8   00:00   6,5   0,0   0,0   4,3   3,6   00:00   WNW
21  11,8  11,8   00:00  11,8   00:00   6,5   0,0   0,0   4,3   3,6   00:00   WNW
22  11,8  11,8   00:00  11,8   00:00   6,5   0,0   0,0   4,3   3,6   00:00   WNW
27  11,8  11,8   00:00  11,8   00:00   4,8   0,0   0,0  ----   3,6   00:00   WNW
28  14,5  15,1   18:29   0,0   10:56   1,3   0,0   3,6   2,6  23,1   18:31   ENE
29   0,0   0,0   22:18   0,0   22:18   0,0   0,0   0,0  ----   0,0   22:18     N
30   0,0   0,0   00:00   0,0   00:00   0,0   0,0   3,6  ----   0,0   00:00     N
31  11,5  11,6   19:56   0,0   19:18   1,3   0,0   0,0   5,3   7,2   19:56   ENE
----------------------------------------------------------------------------------
     9,5  15,7    10     0,0     2   189,4   0,0  54,0   3,8  88,0    10     SSW

Max >=  27,0  0
Max <=  15,0 24
Min <=  10,0 18
Min <=   5,0 10
Max Rain: 14,7 on day 14
Days of Rain: 10 (>= 0,2 mm)  6 (>= 2,0 mm)  0 (>= 20,0 mm)
Heat Base: 18,3  Cool Base: 18,3  Method: Integration