NOAA style reports

NOAA-style Climate Reports

Selecione o Ano ou Mês do relatório
V/Λ2020 > Jan Fev Mar Abr Mai Jun Jul Ago Set Out Nov Dez
V/Λ2019 > Jan Fev Mar Abr Mai Jun Jul Ago Set Out Nov Dez
V/Λ2018 > Jan Fev Mar Abr Mai Jun Jul Ago Set Out Nov Dez
V/Λ2017 > Jan Fev Mar Abr Mai Jun Jul Ago Set Out Nov Dez
V/Λ2016 > Jan Fev Mar Abr Mai Jun Jul Ago Set Out Nov Dez
V/Λ2015 > Jan Fev Mar Abr Mai Jun Jul Ago Set Out Nov Dez

Report for 2017 Dez
                   Monthly Climatological Summary for Dez 2017

Name: Meteo Torres Vedras   City: Torres Vedras   State: Torres Vedras - Portugal
Elevation: 50 ft  Lat: N 39 05 12   Lon: W 009 15 29

                  Temperature (°C), Rain (mm), Wind Speed (km/h)

                                      Heat  Cool        Avg
    Mean                              Deg   Deg         Wind                 Dom
Day Temp  High   Time   Low    Time   Days  Days  Rain  Speed High   Time    Dir
----------------------------------------------------------------------------------
01   8,4  14,9   12:43   2,5   07:37   9,9   0,0   0,0   1,3  26,0   13:12    NW
02   8,3  15,4   14:40   3,1   23:58  10,0   0,0   0,0   1,0  15,1   15:21   ESE
03   6,9  15,0   14:52   1,5   04:22  11,4   0,0   0,0   1,4  28,8   11:37   ESE
04   2,6  15,9   15:19   2,3   00:55   0,6   0,0   0,0   0,8  32,4   05:56    SW
05   5,4   6,4   23:46   0,0   22:07   1,0   0,0   0,0   0,4   4,3   22:11   WSW
06   9,1  15,7   13:53   5,4   03:07   9,2   0,0   0,0   1,9  28,1   10:06   SSE
07   9,3  17,6   14:49   3,5   05:15   9,0   0,0   0,0   1,1  21,6   10:10    SW
08  12,9  15,5   11:50   8,5   01:14   5,3   0,0   0,6   1,9  23,1   10:57     W
09  15,3  16,8   12:26  14,3   07:46   3,0   0,0   0,0   4,2  24,5   05:06     W
10  15,5  16,8   13:17  11,7   23:42   2,7   0,0  45,6  21,2 142,0   19:31   SSW
11  11,6  13,8   13:47   9,3   07:55   6,7   0,0  11,1   7,6  66,3   07:44   WNW
12   9,1  15,7   14:36   4,1   07:42   9,2   0,0   0,3   0,8  16,6   01:22    NW
13   8,9  13,1   20:59   5,1   01:57   9,3   0,0   0,0   0,9  17,3   20:55     S
14  12,9  15,1   19:04  12,2   00:00   4,3   0,0   1,8   1,8  28,1   19:04    SW
15  13,5  14,7   00:00   8,2   23:32   4,7   0,0   4,8   4,8  10,8   18:55   WSW
16   9,4  13,5   15:54   6,1   23:55   8,9   0,0   0,0   2,4  19,5   16:07   NNW
17   7,6  15,8   14:32   2,1   06:32  10,7   0,0   0,0   1,2  20,2   10:24    SE
18   8,8  16,6   13:41   3,2   01:12   9,5   0,0   0,0   1,4  19,5   10:40   SSE
19  10,5  20,1   15:15   4,8   01:28   7,0   0,1   0,0   0,8  17,3   13:08    SW
20  10,8  19,6   14:07   5,9   23:35   7,6   0,1   0,0   1,7  20,9   04:40     S
21   9,4  18,2   16:13   2,9   07:44   8,9   0,0   0,0   1,5  22,4   10:39   SSE
22  10,1  14,2   11:09   3,5   07:07   8,2   0,0   0,0   0,2   5,8   07:15   SSW
23  13,0  14,2   00:00   7,2   21:54   5,3   0,0   0,0   0,2  13,0   22:48   ESE
24  11,1  14,7   13:58   7,7   04:11   7,2   0,0   0,0   4,6  37,5   10:06    SE
25  12,1  15,5   15:22   9,3   07:37   6,2   0,0   2,1   6,8  45,4   16:08   SSW
26  11,0  14,9   23:17   5,6   06:58   7,3   0,0   0,0   8,1  68,5   21:58    SW
27  13,9  15,1   00:23  11,7   05:42   4,4   0,0   3,0   8,3  72,8   00:27     W
28  14,9  15,8   12:49  14,4   06:27   3,4   0,0   1,5   6,5  35,3   00:21     W
29  15,4  17,2   14:58  14,2   06:14   2,9   0,0   0,6   5,1  34,6   11:28    SW
30  14,9  16,7   13:33  12,7   08:27   3,4   0,0   0,0   3,5  24,5   13:19   SSW
31  14,3  16,0   10:07  13,2   18:54   3,9   0,0   1,2   8,2  88,0   09:25   SSW
----------------------------------------------------------------------------------
    10,9  20,1    19     0,0     5   201,1   0,2  72,6   3,8 142,0    10      SW

Max >=  27,0  0
Max <=  15,0 11
Min <=  10,0 23
Min <=   5,0 12
Max Rain: 45,6 on day 10
Days of Rain: 11 (>= 0,2 mm)  5 (>= 2,0 mm)  1 (>= 20,0 mm)
Heat Base: 18,3  Cool Base: 18,3  Method: Integration