NOAA style reports

NOAA-style Climate Reports

Selecione o Ano ou Mês do relatório
V/Λ2020 > Jan Fev Mar Abr Mai Jun Jul Ago Set Out Nov Dez
V/Λ2019 > Jan Fev Mar Abr Mai Jun Jul Ago Set Out Nov Dez
V/Λ2018 > Jan Fev Mar Abr Mai Jun Jul Ago Set Out Nov Dez
V/Λ2017 > Jan Fev Mar Abr Mai Jun Jul Ago Set Out Nov Dez
V/Λ2016 > Jan Fev Mar Abr Mai Jun Jul Ago Set Out Nov Dez
V/Λ2015 > Jan Fev Mar Abr Mai Jun Jul Ago Set Out Nov Dez

Report for 2017 Nov
                   Monthly Climatological Summary for Nov 2017

Name: Meteo Torres Vedras   City: Torres Vedras   State: Torres Vedras - Portugal
Elevation: 50 ft  Lat: N 39 05 12   Lon: W 009 15 29

                  Temperature (°C), Rain (mm), Wind Speed (km/h)

                                      Heat  Cool        Avg
    Mean                              Deg   Deg         Wind                 Dom
Day Temp  High   Time   Low    Time   Days  Days  Rain  Speed High   Time    Dir
----------------------------------------------------------------------------------
01  25,5  25,5   00:00  25,5   00:00   0,0   7,2   0,0   1,4   0,7   00:00   ENE
02  25,5  25,5   00:00  25,5   00:00   0,0   7,2   0,0   1,4   0,7   00:00   ENE
03  25,1  25,5   00:00  15,8   22:58   0,1   6,9   0,0   1,7  13,0   22:58     E
04  15,8  15,8   00:00  15,8   00:00   2,5   0,0   0,0   8,7  13,0   00:00     S
05  15,8  15,8   00:00  15,8   00:00   2,5   0,0   0,0   8,7  13,0   00:00     S
06  15,8  15,8   00:00  15,8   00:00   2,5   0,0   0,0   8,7  13,0   00:00     S
07  15,6  15,8   00:00  13,3   23:51   2,7   0,0   0,0   7,9  17,3   22:13     S
08  13,5  18,4   13:08   0,0   22:38   4,8   0,0   0,0   3,8  33,2   15:22   NNW
09  12,1  18,2   14:11   7,2   07:07   6,2   0,0   0,0   2,2  27,4   15:35   NNW
10  11,4  14,2   10:11   5,3   07:22   6,9   0,0   0,0   0,6   6,5   00:04   WSW
11  14,1  14,1   00:00  14,1   00:00   4,2   0,0   0,0   0,7   0,7   00:00   WNW
12  14,1  14,1   00:00  14,1   00:00   4,2   0,0   0,0   0,7   0,7   00:00   WNW
13  14,1  14,1   00:00  14,1   00:00   4,2   0,0   0,0   0,7   0,7   00:00   WNW
14  14,1  14,1   00:00  14,1   00:00   4,2   0,0   0,0   0,7   0,7   00:00   WNW
15  14,1  14,1   00:00  14,1   00:00   4,2   0,0   0,0   0,7   0,7   00:00   WNW
16  14,1  14,1   00:00  14,1   00:00   4,2   0,0   0,0   0,7   0,7   00:00   WNW
17  14,6  22,3   13:27   5,2   08:20   4,0   0,3   0,0   0,8  13,0   15:30     W
18  11,1  21,5   14:37   4,9   06:36   7,4   0,2   0,0   1,3  10,1   15:05   SSW
19  12,8  23,8   14:35   5,2   05:56   6,3   0,9   0,0   1,1  20,9   10:39   SSE
20  14,6  23,4   15:35   7,6   00:23   4,5   0,8   0,0   2,1  24,5   11:36   SSE
21  14,6  20,8   14:37   8,1   00:29   4,0   0,3   0,0   5,4  40,4   15:21     S
22  16,1  20,1   13:59  11,3   07:29   2,5   0,3   0,0  12,5  57,7   17:22     S
23  18,3  21,5   13:06  16,2   17:34   0,6   0,6  12,3  15,6  79,3   19:45     S
24  16,6  19,8   13:43  13,3   23:58   1,9   0,2   0,0   5,8  51,2   11:48     S
25  14,8  17,6   15:27  12,4   02:08   3,5   0,0   0,0   0,8  10,1   06:54   WNW
26  14,4  18,4   13:58  12,0   07:27   3,9   0,0   0,0   4,1  33,9   09:33   ESE
27  13,7  16,5   12:56  11,7   08:19   4,6   0,0   0,0   5,9  46,1   07:38    SE
28  11,3  12,6   00:00  10,7   06:35   7,0   0,0   0,9   6,3  28,8   10:09   SSE
29  11,0  11,3   00:00   7,1   23:27   7,1   0,0   9,9   6,8  26,7   00:00    SE
30   5,6   8,2   19:48   4,6   23:59  12,5   0,0   0,0   0,1   7,2   21:20    SW
----------------------------------------------------------------------------------
    15,0  25,5     1     0,0     8   123,2  24,9  23,1   3,9  79,3    23       S

Max >=  27,0  0
Max <=  15,0 10
Min <=  10,0 10
Min <=   5,0  3
Max Rain: 12,3 on day 23
Days of Rain: 3 (>= 0,2 mm)  2 (>= 2,0 mm)  0 (>= 20,0 mm)
Heat Base: 18,3  Cool Base: 18,3  Method: Integration