NOAA style reports

NOAA-style Climate Reports

Selecione o Ano ou Mês do relatório
V/Λ2019 > Jan Fev Mar Abr Mai Jun Jul Ago Set Out Nov Dez
V/Λ2018 > Jan Fev Mar Abr Mai Jun Jul Ago Set Out Nov Dez
V/Λ2017 > Jan Fev Mar Abr Mai Jun Jul Ago Set Out Nov Dez
V/Λ2016 > Jan Fev Mar Abr Mai Jun Jul Ago Set Out Nov Dez
V/Λ2015 > Jan Fev Mar Abr Mai Jun Jul Ago Set Out Nov Dez

Report for 2017 Out
                   Monthly Climatological Summary for Out 2017

Name: Meteo Torres Vedras   City: Torres Vedras   State: Torres Vedras - Portugal
Elevation: 50 ft  Lat: N 39 05 12   Lon: W 009 15 29

                  Temperature (°C), Rain (mm), Wind Speed (km/h)

                                      Heat  Cool        Avg
    Mean                              Deg   Deg         Wind                 Dom
Day Temp  High   Time   Low    Time   Days  Days  Rain  Speed High   Time    Dir
----------------------------------------------------------------------------------
04  16,6  17,0   22:16  16,7   23:23   0,1   0,0   0,0   4,1  30,6   22:56   NNW
05  19,7  27,2   13:47  15,5   08:05   1,0   2,3   0,0   2,6  27,4   00:01    NW
06  19,3  28,6   14:41  13,2   07:48   2,8   4,9   0,0   1,5  27,4   00:01   WNW
07  20,0  35,4   14:47  11,7   06:22   5,1  10,2   0,0   1,7  27,4   00:01   WNW
08  20,1  35,4   14:47  11,7   06:22   6,3  13,5   0,0   2,7  27,4   00:01     W
09  19,5  35,4   14:47  10,3   07:45   9,4  15,2   0,0   1,4  27,4   00:01   WSW
10  18,9  35,4   14:47   8,5   07:18  13,3  16,7   0,0   1,3  27,4   00:01   WSW
11  18,9  35,4   14:47   8,5   07:18  16,5  20,7   0,0   1,4  27,4   00:01   WSW
12  19,1  35,4   14:47   8,5   07:18  16,8  23,1   0,0   3,7  28,8   14:05   WSW
13  18,3  24,2   13:28  14,3   08:05   1,3   1,4   0,0   1,5  19,5   14:30   WSW
14  24,2  31,2   17:03  16,3   03:05   0,3   6,2   0,0   5,5  29,6   07:44     S
15  27,0  32,7   14:00  22,2   08:07   0,0   8,7   0,0  14,1  69,9   14:41     S
16  20,6  24,4   12:44  15,9   23:57   0,2   2,5   0,0   4,0  41,1   00:01    SW
17  16,9  21,7   14:41  13,3   07:41   1,9   0,5   0,0   7,4  44,0   17:08   SSW
18  16,4  18,6   11:44  14,3   07:51   1,9   0,0   0,0   6,9  43,3   14:27   SSW
19  17,5  20,9   14:28  15,1   04:22   1,2   0,5   0,0   4,5  26,0   14:20    SW
20  19,5  21,5   13:53  18,5   00:00   0,0   1,2   0,0   6,7  48,3   12:45   SSW
21  17,8  21,7   13:06  13,3   23:53   1,2   0,7   0,0   3,5  24,5   16:59   WNW
22  14,3  21,3   15:21   9,6   08:23   3,8   0,3   0,0   1,8  23,8   15:43   NNW
23  16,9  26,9   16:32   9,0   08:05   2,8   1,7   0,0   1,2  18,0   15:20   SSE
24  19,3  27,3   15:53  12,9   01:45   1,1   2,2   0,0   3,8  35,3   10:11     S
25  17,6  24,0   13:54  12,3   04:47   2,0   1,4   0,0   6,1  53,4   15:52     S
26  20,1  29,6   17:18  15,1   04:07   1,2   2,9   0,0   3,7  32,4   07:20   SSE
27  21,4  25,5   10:57  14,3   07:31   1,0   4,1   0,0   1,0  10,8   10:42   ENE
28  25,5  25,5   00:00  25,5   00:00   0,0   7,2   0,0   1,4   0,7   00:00   ENE
29  25,5  25,5   00:00  25,5   00:00   0,0   7,5   0,0   1,4   0,7   00:00   ENE
----------------------------------------------------------------------------------
    19,7  35,4     7     8,5    10    91,2 155,6   0,0   3,7  69,9    15     SSW

Max >=  27,0 12
Max <=  15,0  0
Min <=  10,0  5
Min <=   5,0  0
Max Rain: 0,0 on day 0
Days of Rain: 0 (>= 0,2 mm)  0 (>= 2,0 mm)  0 (>= 20,0 mm)
Heat Base: 18,3  Cool Base: 18,3  Method: Integration