NOAA style reports

NOAA-style Climate Reports

Selecione o Ano ou Mês do relatório
V/Λ2020 > Jan Fev Mar Abr Mai Jun Jul Ago Set Out Nov Dez
V/Λ2019 > Jan Fev Mar Abr Mai Jun Jul Ago Set Out Nov Dez
V/Λ2018 > Jan Fev Mar Abr Mai Jun Jul Ago Set Out Nov Dez
V/Λ2017 > Jan Fev Mar Abr Mai Jun Jul Ago Set Out Nov Dez
V/Λ2016 > Jan Fev Mar Abr Mai Jun Jul Ago Set Out Nov Dez
V/Λ2015 > Jan Fev Mar Abr Mai Jun Jul Ago Set Out Nov Dez

Report for 2017 Jun
                   Monthly Climatological Summary for Jun 2017

Name: Torres Vedras   City: Torres Vedras   State: Portugal
Elevation: 50 m  Lat: N 39 05 12   Lon: W 009 15 29

                  Temperature (°C), Rain (mm), Wind Speed (kts)

                                      Heat  Cool        Avg
    Mean                              Deg   Deg         Wind                 Dom
Day Temp  High   Time   Low    Time   Days  Days  Rain  Speed High   Time    Dir
----------------------------------------------------------------------------------
01  18,6  23,8   13:13  15,9   00:06   0,9   1,2   0,0   2,4  17,1   19:47    NW
02  19,2  24,7   15:08  15,7   05:26   0,8   1,7   0,0   2,8  24,1   16:16    NW
03  18,0  21,4   13:15  15,6   23:43   0,9   0,6   0,0   3,3  23,7   20:41    NW
04  17,8  21,2   12:55  15,3   05:07   1,3   0,7   0,0   3,4  26,1   11:34    NW
05  17,9  22,0   16:10  13,9   05:52   1,3   0,9   0,0   2,3  16,0   14:24   WNW
06  18,8  23,5   14:55  15,3   23:54   0,9   1,4   0,0   2,2  17,9   16:21    NW
07  21,3  31,1   15:16  14,0   05:56   1,3   4,3   0,0   1,8  16,0   17:57    NW
08  19,3  25,0   17:08  15,1   06:38   0,8   1,8   5,7   1,7  16,0   13:35    NW
09  20,4  24,6   15:10  17,5   23:47   0,1   2,2   0,0   2,0  15,6   14:55   WNW
10  20,5  27,0   13:05  15,3   05:44   0,8   3,0   0,0   1,7  16,7   15:09    NW
13  18,5  18,7   02:21  18,2   01:10   0,0   0,0   0,0  ----  12,5   03:24    NW
14  21,2  24,2   11:59  17,5   23:57   0,0   1,9   0,0   2,4  16,0   20:06   WNW
15  20,5  26,0   14:35  16,8   03:43   0,4   2,6   0,0   2,5  17,5   11:05   NNW
16  21,9  28,7   14:47  16,3   03:42   0,5   4,0   0,0   1,4   8,2   15:19   WNW
17  27,9  40,4   15:36  17,4   05:55   0,1   9,6   0,0   1,3  16,4   21:32     W
18  26,4  35,7   16:26  20,1   06:33   0,0   8,1   0,0   1,0  10,9   16:49     W
19  25,8  36,9   14:33  18,9   05:47   0,0   7,5   0,0   1,7  17,9   13:59    SW
20  25,0  31,1   11:22  21,3   06:11   0,0   6,7   0,0   2,3  19,1   00:44    SW
22  21,0  23,2   09:52  19,2   06:40   0,0   1,3   0,0  ----  12,1   11:37    SW
23  22,0  26,6   12:12  17,5   05:10   0,1   3,1   0,0   2,2  15,6   18:58    NW
24  19,6  23,3   16:03  16,8   06:17   0,2   1,6   0,0   1,9  14,4   19:04   NNW
25  19,2  22,9   13:38  17,2   06:08   0,3   1,2   0,0   1,9  16,0   17:45    NW
26  19,1  23,8   15:18  17,1   00:22   0,4   1,2   0,0   1,5  13,6   15:26     W
27  19,9  23,1   16:26  17,2   06:01   0,1   1,7   0,0   2,9  19,1   17:45     W
28  19,2  19,5   00:08  19,0   01:42   0,0   0,1   0,0   4,2  12,1   00:55    SW
29  16,6  16,6   05:01  16,6   05:01   1,4   0,0   0,0   1,2   1,6   05:01    NW
30  18,0  22,0   16:25  16,3   23:53   0,6   0,4   0,0   2,5  23,7   19:32    NW
----------------------------------------------------------------------------------
    20,5  40,4    17    13,9     5    13,2  68,8   5,7   2,1  26,1     4     WNW

Max >=  27,0  7
Max <=  15,0  0
Min <=  10,0  0
Min <=   5,0  0
Max Rain: 5,7 on day 8
Days of Rain: 1 (>= 0,2 mm)  1 (>= 2,0 mm)  0 (>= 20,0 mm)
Heat Base: 18,3  Cool Base: 18,3  Method: Integration