NOAA style reports

NOAA-style Climate Reports

Selecione o Ano ou Mês do relatório
V/Λ2019 > Jan Fev Mar Abr Mai Jun Jul Ago Set Out Nov Dez
V/Λ2018 > Jan Fev Mar Abr Mai Jun Jul Ago Set Out Nov Dez
V/Λ2017 > Jan Fev Mar Abr Mai Jun Jul Ago Set Out Nov Dez
V/Λ2016 > Jan Fev Mar Abr Mai Jun Jul Ago Set Out Nov Dez
V/Λ2015 > Jan Fev Mar Abr Mai Jun Jul Ago Set Out Nov Dez

Report for 2017 Mai
                   Monthly Climatological Summary for Mai 2017

Name: Torres Vedras   City: Torres Vedras   State: Portugal
Elevation: 50 m  Lat: N 39 05 12   Lon: W 009 15 29

                  Temperature (°C), Rain (mm), Wind Speed (kts)

                                      Heat  Cool        Avg
    Mean                              Deg   Deg         Wind                 Dom
Day Temp  High   Time   Low    Time   Days  Days  Rain  Speed High   Time    Dir
----------------------------------------------------------------------------------
01  13,2  19,7   13:26   7,5   07:28   4,8   0,0   0,0   1,3  13,2   18:32   WNW
02  15,6  24,7   13:31   7,2   07:11   4,0   1,3   0,0   1,2  13,6   15:41     W
03  18,6  28,4   13:38   9,7   05:18   2,4   2,7   0,0   1,7  16,7   10:11    SW
04  17,8  22,3   13:54  14,4   06:21   1,3   0,8   0,9   4,1  23,7   14:38     S
05  15,3  18,0   14:04  12,5   08:56   3,0   0,0  10,5   5,6  28,0   16:12   SSW
06  16,8  20,9   16:54  12,9   00:17   2,1   0,6   0,0   3,8  23,4   09:02   SSW
07  18,3  26,0   14:45  11,0   06:10   2,3   2,2   0,0   1,8  16,0   12:25   SSW
08  18,5  24,1   17:56  12,7   07:38   1,6   1,8   0,0   1,5  14,0   13:52   WSW
09  17,1  21,8   13:44  14,1   02:55   1,6   0,4   0,3   5,7  52,6   18:31   SSW
10  16,4  19,0   16:01  14,2   05:14   2,0   0,0  18,0   7,3  53,3   15:16   SSW
11  16,7  18,6   13:46  14,5   00:48   1,4   0,0   0,9  11,3  54,1   13:13   SSW
12  16,5  19,6   16:35  14,6   05:34   1,9   0,1   0,0   6,1  32,3   02:32    SW
13  16,2  19,3   12:57  12,3   06:40   2,1   0,1   0,0   5,3  30,4   12:32   SSW
14  17,3  20,6   14:23  13,5   06:37   1,5   0,5   0,0   3,5  28,4   13:05   SSW
15  20,2  26,5   17:09  15,2   06:13   0,8   2,7   0,0   1,3  10,5   18:21     W
16  21,3  31,2   13:56  16,6   06:39   0,3   3,3   0,0   1,2  12,8   21:40    NW
17  18,4  23,5   12:26  15,0   23:50   0,9   1,1   0,0   2,2  19,9   20:01    NW
18  16,1  19,6   15:14  13,6   23:50   2,3   0,1   0,0   3,0  21,0   12:42    NW
19  15,9  21,2   14:15  10,4   06:40   3,0   0,5   0,0   2,3  23,0   19:55   NNW
20  19,7  31,0   15:57  10,3   06:43   2,3   3,8   0,0   1,2  11,3   16:53     N
21  21,8  27,0   13:07  17,4   01:47   0,1   3,6   0,0   3,3  25,3   12:27     S
22  19,8  24,6   13:40  16,2   23:33   0,4   2,0   0,0   1,8  16,4   15:35    NW
23  23,0  32,8   14:01  15,9   00:52   0,7   5,4   0,0   1,5  11,7   18:08   WNW
24  22,2  27,8   14:08  17,0   04:57   0,1   4,0   0,0   2,6  16,0   13:50   SSW
25  19,7  24,7   10:14  16,5   05:08   0,4   1,8   0,0   1,8  13,6   10:47     W
26  18,2  21,0   14:56  16,2   23:55   0,6   0,5   0,0   1,7  11,3   18:35   WNW
27  18,1  21,6   15:50  14,9   06:34   0,9   0,7   0,0   1,4  11,7   16:41   WSW
28  18,3  22,2   13:39  16,1   23:43   0,8   0,8   0,0   5,3  34,6   15:49     S
29  18,2  22,2   14:02  15,4   04:45   0,9   0,9   0,0   1,8  16,4   14:09     W
30  19,1  23,3   16:57  16,0   05:49   0,7   1,5   0,0   2,2  18,3   15:43    NW
31  18,4  21,6   12:38  15,9   23:45   0,7   0,8   0,0   1,9  14,4   16:04    NW
----------------------------------------------------------------------------------
    18,2  32,8    23     7,2     2    47,9  44,0  30,6   3,1  54,1    11      SW

Max >=  27,0  6
Max <=  15,0  0
Min <=  10,0  3
Min <=   5,0  0
Max Rain: 18,0 on day 10
Days of Rain: 5 (>= 0,2 mm)  2 (>= 2,0 mm)  0 (>= 20,0 mm)
Heat Base: 18,3  Cool Base: 18,3  Method: Integration