NOAA style reports

NOAA-style Climate Reports

Selecione o Ano ou Mês do relatório
V/Λ2020 > Jan Fev Mar Abr Mai Jun Jul Ago Set Out Nov Dez
V/Λ2019 > Jan Fev Mar Abr Mai Jun Jul Ago Set Out Nov Dez
V/Λ2018 > Jan Fev Mar Abr Mai Jun Jul Ago Set Out Nov Dez
V/Λ2017 > Jan Fev Mar Abr Mai Jun Jul Ago Set Out Nov Dez
V/Λ2016 > Jan Fev Mar Abr Mai Jun Jul Ago Set Out Nov Dez
V/Λ2015 > Jan Fev Mar Abr Mai Jun Jul Ago Set Out Nov Dez

Report for 2017 Abr
                   Monthly Climatological Summary for Abr 2017

Name: Torres Vedras   City: Torres Vedras   State: Portugal
Elevation: 50 m  Lat: N 39 05 12   Lon: W 009 15 29

                  Temperature (°C), Rain (mm), Wind Speed (kts)

                                      Heat  Cool        Avg
    Mean                              Deg   Deg         Wind                 Dom
Day Temp  High   Time   Low    Time   Days  Days  Rain  Speed High   Time    Dir
----------------------------------------------------------------------------------
01  13,6  17,7   14:16   9,5   07:27   4,7   0,0   0,9   1,5  14,8   16:44   WNW
02  13,5  21,6   15:52   7,7   06:15   5,2   0,4   0,0   1,2  13,2   18:16   NNW
03  15,6  23,7   15:53   9,7   01:44   3,7   1,0   0,0   1,5  12,5   20:49   NNW
04  15,9  23,1   13:10  11,4   05:00   3,2   0,8   0,0   1,5  12,8   15:50    NW
05  17,9  27,6   16:05  11,1   08:43   3,0   2,6   0,0   1,1  12,5   17:40   ENE
06  18,0  25,7   15:56  12,8   07:49   2,0   1,7   0,0   2,5  18,7   12:14   ESE
07  17,8  26,8   14:02   9,6   05:18   2,6   2,1   0,0   1,3  11,3   09:41     S
08  16,7  22,8   12:14  10,2   07:39   2,7   1,2   0,0   1,2  11,3   14:01   WSW
09  18,5  25,7   17:00  12,0   07:47   2,0   2,2   0,0   3,6  23,0   12:52   SSE
10  20,2  27,1   17:52  13,5   07:01   0,8   1,9   0,0   3,1  15,2   16:06    SE
11   0,0   0,0   08:27   0,0   08:27   0,0   0,0   0,0  ----   0,0   08:27     N
12  18,8  27,3   13:38  13,7   09:24   1,0   1,3   0,0   1,6  13,6   13:58   WSW
13  15,5  19,3   16:15  13,7   00:43   2,5   0,0   0,0   1,5  11,7   13:18   WNW
14  16,7  21,7   15:18  13,1   07:28   2,1   0,5   0,0   1,2  17,1   16:33   WNW
15  16,7  22,6   13:50  12,5   06:41   2,4   0,8   0,0   1,2  17,5   16:03    NW
16  15,7  22,7   15:16  10,7   06:52   3,2   0,6   0,0   1,1  10,9   17:44   WNW
17  17,6  27,3   14:20  10,5   07:01   2,3   1,6   0,0   1,0  11,3   14:46    NW
18  19,2  24,9   18:17  15,0   05:42   1,1   1,9   0,0   1,5  17,9   10:31    NE
19  20,0  26,5   15:38  16,7   07:07   0,4   2,1   0,0   2,8  23,0   12:19   SSE
20  19,3  25,9   16:59  15,7   07:30   0,8   1,8   0,0   3,3  23,7   12:41    SE
21  16,4  20,6   12:39  13,3   06:39   1,7   0,2   0,0   2,7  22,6   10:58   SSE
22  16,9  24,4   14:30  13,1   08:16   2,2   0,8   1,5   2,2  14,8   15:12     S
23  17,6  23,9   12:15  13,4   02:39   2,0   1,3   0,0   1,2  12,1   13:24     W
24  17,8  23,5   13:01  14,6   23:29   1,2   0,8   0,0   1,4  11,3   15:27   WNW
25  15,9  18,8   15:14  13,9   23:54   2,5   0,0   0,0   2,1  18,7   15:51   WNW
26  14,6  18,0   14:00  12,1   06:38   3,7   0,0   0,0   1,7  16,7   16:22    NW
27  14,7  21,4   15:26   8,6   07:01   4,0   0,4   0,0   1,6  22,2   18:44   NNW
28  16,2  24,0   15:31  11,1   02:39   3,0   0,9   0,0   2,0  18,7   14:07     E
29  13,8  17,4   14:55   9,4   06:43   4,5   0,0   0,0   2,6  19,5   15:53   WSW
30  14,4  17,2   15:28  11,0   23:49   3,9   0,0   1,8   8,3  35,0   06:24    SW
----------------------------------------------------------------------------------
    16,2  27,6     5     0,0    11    74,4  28,9   4,2   1,9  35,0    30      SW

Max >=  27,0  4
Max <=  15,0  1
Min <=  10,0  7
Min <=   5,0  1
Max Rain: 1,8 on day 30
Days of Rain: 3 (>= 0,2 mm)  0 (>= 2,0 mm)  0 (>= 20,0 mm)
Heat Base: 18,3  Cool Base: 18,3  Method: Integration