NOAA style reports

NOAA-style Climate Reports

Selecione o Ano ou Mês do relatório
V/Λ2019 > Jan Fev Mar Abr Mai Jun Jul Ago Set Out Nov Dez
V/Λ2018 > Jan Fev Mar Abr Mai Jun Jul Ago Set Out Nov Dez
V/Λ2017 > Jan Fev Mar Abr Mai Jun Jul Ago Set Out Nov Dez
V/Λ2016 > Jan Fev Mar Abr Mai Jun Jul Ago Set Out Nov Dez
V/Λ2015 > Jan Fev Mar Abr Mai Jun Jul Ago Set Out Nov Dez

Report for 2017 Mar
                   Monthly Climatological Summary for Mar 2017

Name: Torres Vedras   City: Torres Vedras   State: Portugal
Elevation: 50 m  Lat: N 39 05 12   Lon: W 009 15 29

                  Temperature (°C), Rain (mm), Wind Speed (kts)

                                      Heat  Cool        Avg
    Mean                              Deg   Deg         Wind                 Dom
Day Temp  High   Time   Low    Time   Days  Days  Rain  Speed High   Time    Dir
----------------------------------------------------------------------------------
01  12,8  14,9   14:43  11,0   03:09   5,5   0,0   0,0   1,2  12,1   12:24    SW
02  11,6  17,5   14:20   6,7   06:24   6,7   0,0   0,0   1,9  17,5   16:03   SSW
03  10,0  12,7   03:49   7,8   14:07   8,3   0,0  25,8   4,6  30,4   17:53   WSW
04  10,9  14,8   14:16   7,7   05:20   7,4   0,0   7,8   3,2  23,7   05:46     S
05  14,6  16,4   12:12  13,5   00:00   2,5   0,0   1,5   4,4  23,7   00:28    SW
06  14,2  15,9   17:19  12,1   23:22   4,1   0,0   0,0   1,9  12,5   16:08   WSW
07  14,7  21,3   15:42  10,1   06:17   4,1   0,4   0,0   1,1  12,8   10:34   NNW
08  15,3  24,9   15:44   9,4   07:37   4,2   1,2   0,0   1,0  10,1   15:49    NE
09  18,0  27,2   15:21  10,8   01:42   2,6   2,3   0,0   2,2  19,1   14:59   SSE
10  18,0  26,1   16:01  11,0   03:28   2,4   2,1   0,0   2,1  14,4   11:29     S
11  15,0  19,3   13:39  12,6   23:57   3,3   0,0   0,0   2,0  19,5   15:06    NW
12  13,7  17,3   12:57  11,7   23:24   4,6   0,0   0,0   3,6  27,3   16:05    NW
13  13,0  16,6   14:34  10,2   23:56   5,3   0,0   0,0   3,3  27,6   10:08   NNW
14  14,5  18,8   17:12   8,3   03:54   3,7   0,0   0,0   1,7  16,7   07:04     E
15  16,3  23,5   15:52  11,3   23:55   2,8   0,8   0,0   2,1  23,7   11:30    SE
16  14,8  21,2   15:40   9,8   01:48   3,8   0,3   0,0   2,4  15,6   07:40    SE
17  15,2  20,7   17:12  10,7   23:58   3,3   0,2   0,0   1,4  16,4   09:28   ESE
18  14,6  25,4   13:12   6,5   06:26   4,8   1,1   0,0   1,0  11,7   15:44     W
19  14,2  19,5   12:13  11,5   00:00   4,1   0,0   0,0   1,7  18,3   22:27    NW
20  13,4  16,6   14:00  12,1   05:16   4,8   0,0   0,0   2,8  21,4   10:59    NW
21  13,5  16,5   13:15  11,5   22:00   4,8   0,0   0,0   2,3  21,4   12:17   WNW
22  11,4  13,4   12:29   9,6   21:02   6,9   0,0   5,4   4,0  30,0   15:31     W
23   8,1  11,8   14:07   5,6   18:15  10,1   0,0   5,1   2,4  22,2   02:03   WNW
24   8,0  12,6   11:59   4,3   03:33  10,3   0,0   4,2   2,4  16,4   23:17     S
25   9,9  12,5   16:04   6,6   03:06   8,4   0,0   0,6   7,7  49,8   11:16     S
26   9,9  12,0   16:30   8,4   08:14   8,0   0,0  14,1   3,8  25,7   17:11     S
27  13,4  15,7   13:41  10,7   23:58   4,9   0,0   1,2   5,5  28,8   13:37   SSW
28  12,9  19,3   16:15   8,4   05:56   5,5   0,0   0,0   3,3  20,2   15:34   SSE
29  15,0  22,1   15:36   9,8   05:12   3,9   0,6   0,0   1,8  16,0   14:29   SSW
30  15,1  21,4   12:25   9,8   05:00   3,6   0,5   0,0   4,2  24,9   16:30   SSW
31  14,5  17,5   13:52  11,1   07:33   3,7   0,0   0,0   2,8  17,1   14:55    SW
----------------------------------------------------------------------------------
    13,4  27,2     9     4,3    24   158,4   9,5  65,7   2,7  49,8    25      SW

Max >=  27,0  1
Max <=  15,0  8
Min <=  10,0 15
Min <=   5,0  1
Max Rain: 25,8 on day 3
Days of Rain: 9 (>= 0,2 mm)  6 (>= 2,0 mm)  1 (>= 20,0 mm)
Heat Base: 18,3  Cool Base: 18,3  Method: Integration