NOAA style reports

NOAA-style Climate Reports

Selecione o Ano ou Mês do relatório
V/Λ2019 > Jan Fev Mar Abr Mai Jun Jul Ago Set Out Nov Dez
V/Λ2018 > Jan Fev Mar Abr Mai Jun Jul Ago Set Out Nov Dez
V/Λ2017 > Jan Fev Mar Abr Mai Jun Jul Ago Set Out Nov Dez
V/Λ2016 > Jan Fev Mar Abr Mai Jun Jul Ago Set Out Nov Dez
V/Λ2015 > Jan Fev Mar Abr Mai Jun Jul Ago Set Out Nov Dez

Report for 2017 Fev
                   Monthly Climatological Summary for Fev 2017

Name: Torres Vedras   City: Torres Vedras   State: Portugal
Elevation: 50 m  Lat: N 39 05 12   Lon: W 009 15 29

                  Temperature (°C), Rain (mm), Wind Speed (kts)

                                      Heat  Cool        Avg
    Mean                              Deg   Deg         Wind                 Dom
Day Temp  High   Time   Low    Time   Days  Days  Rain  Speed High   Time    Dir
----------------------------------------------------------------------------------
01  11,8  15,0   12:52   7,2   07:55   6,5   0,0   0,9   5,4  34,3   19:58     S
02  14,3  15,5   13:47  13,0   19:48   4,0   0,0   2,1   7,4  43,2   03:27   SSW
03  14,7  15,4   22:06  13,3   13:19   3,6   0,0   5,7  14,6  76,7   01:30   SSW
04  15,3  16,3   12:27  14,4   23:54   3,0   0,0   0,6  11,8  46,3   12:21   SSW
05  13,1  15,5   15:11   8,5   23:18   5,2   0,0   0,0   3,4  26,1   02:16     W
06  12,4  17,6   14:05   6,9   04:23   5,9   0,0   0,0   4,5  26,1   13:39   SSW
07  13,5  16,1   14:17  10,4   23:09   4,8   0,0   3,0   3,2  19,9   14:23    SW
08  10,3  17,0   14:56   5,2   07:49   8,0   0,0   0,0   0,8   9,0   15:32    NW
09   9,0  14,8   14:38   5,7   07:46   9,3   0,0   4,8   4,6  35,4   16:50     S
10   7,9  10,7   15:16   5,9   23:57  10,4   0,0   5,1   4,2  31,5   04:43   SSE
11   8,5  12,3   12:48   5,4   06:15   9,8   0,0   3,6   2,4  17,1   12:57     E
12  11,2  14,5   14:34   9,4   02:41   7,1   0,0   4,5   2,7  29,6   13:21     S
13  12,8  15,0   15:12  10,5   00:44   5,5   0,0   0,6   5,9  28,4   13:57   SSW
14  13,7  17,4   15:20  11,2   07:16   4,6   0,0   1,8   4,9  34,6   12:17     S
15  13,6  18,1   13:35  10,4   07:37   4,7   0,0   0,0   2,4  15,2   11:41   ESE
16  13,7  20,5   16:23   9,1   23:49   4,8   0,3   0,0   2,2  14,4   11:22    SE
17  12,9  21,5   15:23   8,0   02:49   5,7   0,2   0,0   1,1  12,1   06:06     S
18  11,4  15,6   13:28   8,1   03:18   6,9   0,0   0,0   1,2  16,4   16:09   WNW
19  12,1  18,7   15:07   7,4   07:50   6,2   0,0   0,6   1,5  17,5   15:19    NE
20  12,7  21,1   16:04   6,5   05:26   5,9   0,3   0,0   1,2  16,7   15:09    NE
21  14,2  20,5   15:26   8,6   00:00   4,3   0,2   0,0   1,7  19,5   11:31   ESE
22  14,5  22,8   14:22   8,9   01:49   4,4   0,6   0,0   1,2  14,8   11:12   ENE
23  12,9  15,2   12:00  11,1   04:42   5,4   0,0   0,0   1,9  31,9   19:45   NNW
24  13,5  13,7   01:18  12,8   07:50   4,8   0,0   0,0   2,5  17,1   07:24   NNW
26  13,7  13,7   00:00  13,7   00:00   1,0   0,0   0,0  ----   3,9   00:00   NNW
27  12,7  15,2   11:03  10,6   04:01   5,6   0,0   0,0   3,2  21,0   16:25    SW
28  12,6  16,1   14:20  10,6   06:20   5,7   0,0   0,0   1,9  14,4   13:29   WSW
----------------------------------------------------------------------------------
    12,6  22,8    22     5,2     8   153,1   1,6  33,3   3,8  76,7     3     SSW

Max >=  27,0  0
Max <=  15,0  8
Min <=  10,0 15
Min <=   5,0  0
Max Rain: 5,7 on day 3
Days of Rain: 12 (>= 0,2 mm)  7 (>= 2,0 mm)  0 (>= 20,0 mm)
Heat Base: 18,3  Cool Base: 18,3  Method: Integration