NOAA style reports

NOAA-style Climate Reports

Selecione o Ano ou Mês do relatório
V/Λ2019 > Jan Fev Mar Abr Mai Jun Jul Ago Set Out Nov Dez
V/Λ2018 > Jan Fev Mar Abr Mai Jun Jul Ago Set Out Nov Dez
V/Λ2017 > Jan Fev Mar Abr Mai Jun Jul Ago Set Out Nov Dez
V/Λ2016 > Jan Fev Mar Abr Mai Jun Jul Ago Set Out Nov Dez
V/Λ2015 > Jan Fev Mar Abr Mai Jun Jul Ago Set Out Nov Dez

Report for 2017 Jan
                   Monthly Climatological Summary for Jan 2017

Name: Torres Vedras   City: Torres Vedras   State: Portugal
Elevation: 50 m  Lat: N 39 05 12   Lon: W 009 15 29

                  Temperature (°C), Rain (mm), Wind Speed (kts)

                                      Heat  Cool        Avg
    Mean                              Deg   Deg         Wind                 Dom
Day Temp  High   Time   Low    Time   Days  Days  Rain  Speed High   Time    Dir
----------------------------------------------------------------------------------
01   8,2  11,5   15:37   5,6   08:14  10,1   0,0   0,0   4,7  23,4   17:34   SSE
02  12,5  14,4   20:27   9,8   00:05   5,8   0,0  23,7   7,0  31,5   19:11    SE
03  15,4  17,7   15:03  13,5   23:52   2,9   0,0   9,6   3,6  23,7   08:32   SSE
04  13,6  17,4   14:16  11,8   23:55   4,7   0,0   0,0   2,2  24,5   14:17    SE
05  12,0  19,1   13:29   7,2   07:45   6,3   0,0   0,3   0,8   7,4   14:24   SSW
06  10,7  16,3   15:32   7,9   08:08   7,6   0,0   0,0   1,9  19,5   11:32   SSE
07  10,6  17,8   15:55   5,6   23:51   7,7   0,0   0,0   1,5  17,5   09:59     S
08   8,9  17,2   14:46   3,9   02:42   9,1   0,0   0,0   0,7   9,7   09:32     S
09  11,6  17,5   14:03   3,2   08:55   4,0   0,0   0,0   0,6   6,6   15:26   WNW
10  11,3  15,6   14:27   5,0   01:43   7,0   0,0   0,0   1,9  21,8   19:17    NW
11  14,0  19,5   15:05  11,1   06:44   4,4   0,1   0,0   1,4  19,1   10:35   NNW
12  12,4  16,2   14:39  10,7   08:14   5,9   0,0   0,0   0,7   8,6   15:28   WSW
13  11,2  13,8   14:54   7,3   23:58   7,1   0,0   0,0   1,6  18,7   13:26   NNW
14   8,5  14,8   14:46   4,6   08:29   9,8   0,0   0,0   1,2  14,0   11:24     N
15   7,3  15,8   13:37   0,8   07:31  11,0   0,0   0,0   0,5   8,2   16:22    NW
16   8,4  17,7   14:35   1,8   07:45   9,9   0,0   0,0   0,5   7,4   16:15   WNW
17   8,5  18,6   13:50   1,5   07:20   9,8   0,0   0,0   0,5   9,0   14:35   WSW
18   6,3  10,8   15:09  -0,6   23:43  12,0   0,0   0,0   2,9  31,1   07:49   ESE
19   3,6  12,7   13:00  -2,7   07:04  14,7   0,0   0,0   0,8  12,1   14:00   WSW
20   4,2   9,7   11:29  -1,8   07:25  13,7   0,0   0,0   0,3   3,5   08:17    SW
21   7,0  16,0   14:22   0,1   07:04  11,3   0,0   0,0   0,5  10,1   15:28   WNW
22   7,5  14,8   15:08   1,5   07:46  10,8   0,0   0,0   0,7  14,8   14:17   WNW
23   7,5  15,6   14:22   1,4   07:53  10,8   0,0   0,0   0,6  15,2   14:59    NW
24   7,2  17,1   13:21   0,8   07:11  11,1   0,0   0,0   0,4   7,0   15:12     W
25   8,0  14,1   13:38   0,5   06:53  10,3   0,0   0,0   2,9  19,1   14:54     S
26  12,3  13,8   09:37  10,3   21:43   6,0   0,0  12,9   4,5  23,4   23:27     S
27  11,5  12,8   12:16   9,3   07:57   6,7   0,0   1,5   4,9  34,6   07:49     W
28  11,9  14,7   11:55   9,9   00:09   4,3   0,0   0,0   4,1  22,2   13:05     S
29  14,3  15,6   13:40  13,0   00:00   4,0   0,0   0,0   6,7  23,4   10:55   SSW
30  13,8  15,7   11:40  12,6   02:09   4,5   0,0   0,0   4,7  21,4   13:14     S
31  12,0  13,7   16:20  10,5   23:48   6,3   0,0  10,2   3,7  23,4   02:48   SSE
----------------------------------------------------------------------------------
    10,1  19,5    11    -2,7    19   249,6   0,1  58,2   2,2  34,6    27       S

Max >=  27,0  0
Max <=  15,0 13
Min <=  10,0 23
Min <=   5,0 15
Max Rain: 23,7 on day 2
Days of Rain: 6 (>= 0,2 mm)  4 (>= 2,0 mm)  1 (>= 20,0 mm)
Heat Base: 18,3  Cool Base: 18,3  Method: Integration