NOAA style reports

NOAA-style Climate Reports

Selecione o Ano ou Mês do relatório
V/Λ2020 > Jan Fev Mar Abr Mai Jun Jul Ago Set Out Nov Dez
V/Λ2019 > Jan Fev Mar Abr Mai Jun Jul Ago Set Out Nov Dez
V/Λ2018 > Jan Fev Mar Abr Mai Jun Jul Ago Set Out Nov Dez
V/Λ2017 > Jan Fev Mar Abr Mai Jun Jul Ago Set Out Nov Dez
V/Λ2016 > Jan Fev Mar Abr Mai Jun Jul Ago Set Out Nov Dez
V/Λ2015 > Jan Fev Mar Abr Mai Jun Jul Ago Set Out Nov Dez

Report for 2016 Dez
                   Monthly Climatological Summary for Dez 2016

Name: Torres Vedras   City: Torres Vedras   State: Portugal
Elevation: 50 m  Lat: N 39 05 12   Lon: W 009 15 29

                  Temperature (°C), Rain (mm), Wind Speed (kts)

                                      Heat  Cool        Avg
    Mean                              Deg   Deg         Wind                 Dom
Day Temp  High   Time   Low    Time   Days  Days  Rain  Speed High   Time    Dir
----------------------------------------------------------------------------------
01  13,4  15,5   13:13  11,6   08:53   4,9   0,0   0,6   3,5  22,6   13:52    SE
02  12,9  15,0   15:04  11,1   07:32   5,4   0,0   0,0   3,7  18,7   09:28    SE
03  15,0  16,1   12:37  13,4   00:00   3,3   0,0   8,4   5,8  24,5   07:12    SE
04  15,5  17,7   16:00  13,8   23:53   1,5   0,0  18,9   4,1  22,2   16:12    SE
05  15,1  21,7   14:55  10,7   22:55   3,6   0,3   0,0   1,0  10,9   11:05   ESE
06  14,1  21,1   14:30   9,2   06:39   4,4   0,2   0,0   1,6  16,0   11:05   SSE
07  13,6  16,2   16:26  11,1   04:33   4,7   0,0   0,0   1,9  17,5   11:15    SE
08  13,1  17,6   15:30  10,1   07:26   5,2   0,0   0,0   3,4  23,0   11:30    SE
09  14,4  18,7   14:48  10,5   06:56   4,0   0,0   0,0   5,6  25,3   21:54    SE
10  15,1  18,7   15:03  13,1   08:51   3,2   0,0   0,0   3,5  28,4   09:26    SE
11  14,3  21,3   14:55  11,5   07:45   4,2   0,3   0,0   2,0  26,1   09:49     S
12  14,0  21,2   14:19   9,0   23:50   3,1   0,2   0,0   0,6   6,6   15:42   SSW
13  10,8  15,9   14:39   6,2   06:58   7,5   0,0   0,0   2,4  24,9   13:27    SE
14  13,1  15,5   14:07   9,4   23:58   5,2   0,0   7,8   2,6  23,4   01:25   WSW
15  10,6  14,2   13:11   6,6   06:45   7,7   0,0   4,8   2,8  38,5   18:32   SSW
16  10,5  12,3   13:24   8,2   09:13   7,8   0,0  20,4   2,9  26,1   07:04    NW
17  11,9  16,6   12:10   7,6   07:48   6,4   0,0   0,0   2,0  14,0   12:11   WSW
18  12,2  16,0   15:05   7,8   22:03   6,1   0,0   0,0   1,5  13,6   15:01   ESE
19   8,5  15,8   14:00   3,8   07:52   9,8   0,0   0,0   0,8  10,1   14:10   SSW
20   7,7  16,6   13:58   1,4   07:56  10,5   0,0   0,0   0,5   5,8   12:54   SSW
21   9,5  17,1   13:52   3,5   07:46   8,8   0,0   0,0   0,5   8,2   15:07   NNE
22  10,5  17,5   13:59   5,4   07:36   7,8   0,0   0,0   0,6  10,9   13:43    NE
23  10,8  18,0   13:44   6,3   02:31   7,5   0,0   0,0   0,6   8,2   12:10     N
24  11,7  19,2   15:00   6,0   08:04   6,5   0,0   0,0   0,6   8,6   13:13    SE
25  11,3  18,2   15:41   6,5   23:53   7,0   0,0   0,0   2,1  20,2   11:22   ESE
26  10,4  18,2   14:44   6,1   01:01   7,9   0,0   0,0   1,1  14,0   10:27    SE
27   9,9  16,8   15:10   6,2   01:25   8,4   0,0   0,0   1,2  15,2   10:07   SSE
28  11,3  17,5   15:07   7,7   02:11   7,0   0,0   0,0   1,2  15,2   10:13   SSE
29  11,5  17,5   14:11   8,1   06:19   6,8   0,0   0,0   2,2  22,6   10:10   ESE
30  10,6  12,1   11:02   7,8   07:59   7,7   0,0   0,0   1,6  16,0   08:53     S
31  10,6  12,1   00:00   7,6   21:36   2,9   0,0   0,0   1,1   9,3   22:43     S
----------------------------------------------------------------------------------
    12,1  21,7     5     1,4    20   186,8   1,0  60,9   2,1  38,5    15      SE

Max >=  27,0  0
Max <=  15,0  5
Min <=  10,0 21
Min <=   5,0  3
Max Rain: 20,4 on day 16
Days of Rain: 6 (>= 0,2 mm)  5 (>= 2,0 mm)  1 (>= 20,0 mm)
Heat Base: 18,3  Cool Base: 18,3  Method: Integration