NOAA style reports

NOAA-style Climate Reports

Selecione o Ano ou Mês do relatório
V/Λ2019 > Jan Fev Mar Abr Mai Jun Jul Ago Set Out Nov Dez
V/Λ2018 > Jan Fev Mar Abr Mai Jun Jul Ago Set Out Nov Dez
V/Λ2017 > Jan Fev Mar Abr Mai Jun Jul Ago Set Out Nov Dez
V/Λ2016 > Jan Fev Mar Abr Mai Jun Jul Ago Set Out Nov Dez
V/Λ2015 > Jan Fev Mar Abr Mai Jun Jul Ago Set Out Nov Dez

Report for 2016 Nov
                   Monthly Climatological Summary for Nov 2016

Name: Torres Vedras   City: Torres Vedras   State: Portugal
Elevation: 50 m  Lat: N 39 05 12   Lon: W 009 15 29

                  Temperature (°C), Rain (mm), Wind Speed (kts)

                                      Heat  Cool        Avg
    Mean                              Deg   Deg         Wind                 Dom
Day Temp  High   Time   Low    Time   Days  Days  Rain  Speed High   Time    Dir
----------------------------------------------------------------------------------
01  19,9  23,2   12:46  16,2   07:02   0,4   2,0   0,0   2,6  15,2   13:42   SSE
02  19,5  22,4   12:01  16,1   23:37   0,4   1,4   3,6   3,2  24,1   15:23   SSE
03  18,0  23,0   14:17  14,8   07:05   1,3   1,0   0,0   2,8  17,1   04:27    SE
04  17,5  20,6   11:51  15,5   00:38   1,2   0,3   2,4   3,3  27,3   14:11   SSE
05  15,0  17,1   09:00  10,7   23:50   3,3   0,0   1,2   2,1  18,7   11:57    SW
06  12,4  17,6   12:40   8,4   07:24   5,9   0,0   0,0   0,7  11,7   13:16   NNW
07  11,3  16,3   14:09   7,3   06:48   7,0   0,0   0,9   1,2  17,1   15:13    NW
08  11,3  17,4   11:38   5,4   06:24   7,0   0,0   0,0   0,8   9,0   14:12    SW
09  15,6  17,8   14:30  13,5   23:55   2,7   0,0   1,2   2,5  23,0   02:41    SW
10  13,5  19,5   12:17   9,2   23:57   4,8   0,0   0,0   0,5   9,3   15:46     W
11  13,0  17,7   13:03   7,8   03:48   5,3   0,0   0,0   0,3   5,8   12:32    SW
12  15,9  18,9   14:26  13,2   00:33   2,5   0,0   1,2   0,7   6,6   17:48   WSW
13  16,6  23,2   14:01  12,7   23:58   2,5   0,8   0,0   0,7  10,9   12:26   NNE
14  15,5  22,0   14:33   9,8   05:15   3,4   0,6   0,3   1,5  17,9   08:08     E
15  14,5  20,8   14:36  11,0   07:45   4,0   0,2   0,0   1,8  14,0   12:25   ESE
16  13,7  23,1   14:37   7,9   03:59   5,2   0,6   0,0   0,8   9,0   12:06   SSE
17  13,6  21,3   13:02   7,0   05:31   4,9   0,2   0,0   0,7   9,3   14:45   WNW
18  14,9  17,4   11:15  10,6   23:57   3,4   0,0   0,0   0,5   8,6   11:10     W
19  12,7  17,6   12:58   7,3   05:50   5,6   0,0   2,7   3,6  24,5   15:07   SSW
20  16,6  17,4   12:39  15,3   01:48   1,7   0,0  12,3   9,0  38,5   13:21   SSW
21  13,3  16,5   00:06   8,4   23:54   5,0   0,0   2,4   3,2  28,8   00:53   WSW
22   9,3  15,9   13:16   5,7   23:56   8,9   0,0   0,0   0,8  13,6   14:00    NW
23   8,9  15,0   12:45   3,2   05:22   9,4   0,0   0,0   1,0  17,1   23:04    NW
24  10,5  13,9   11:26   6,5   08:06   7,8   0,0   8,7   3,5  38,5   23:45   SSW
25  12,4  13,7   12:33  10,9   21:54   5,9   0,0   9,3   5,7  40,9   01:17   SSW
26  11,3  14,3   12:58   9,4   04:37   7,0   0,0   0,9   2,7  19,9   15:53    SE
27  11,5  17,8   12:47   7,7   07:19   6,8   0,0   0,0   0,7  12,8   14:42     N
28  10,4  17,7   14:00   6,6   07:13   7,9   0,0   0,3   0,4   7,8   14:32    SW
29  11,8  16,0   14:19   8,2   00:35   6,5   0,0   0,0   2,5  26,5   10:17    SE
30  13,4  15,6   13:37  11,3   04:07   4,9   0,0   0,9   5,7  27,6   12:20    SE
----------------------------------------------------------------------------------
    13,8  23,2     1     3,2    23   142,6   7,1  48,3   2,2  40,9    25       S

Max >=  27,0  0
Max <=  15,0  4
Min <=  10,0 17
Min <=   5,0  1
Max Rain: 12,3 on day 20
Days of Rain: 15 (>= 0,2 mm)  7 (>= 2,0 mm)  0 (>= 20,0 mm)
Heat Base: 18,3  Cool Base: 18,3  Method: Integration