NOAA style reports

NOAA-style Climate Reports

Selecione o Ano ou Mês do relatório
V/Λ2020 > Jan Fev Mar Abr Mai Jun Jul Ago Set Out Nov Dez
V/Λ2019 > Jan Fev Mar Abr Mai Jun Jul Ago Set Out Nov Dez
V/Λ2018 > Jan Fev Mar Abr Mai Jun Jul Ago Set Out Nov Dez
V/Λ2017 > Jan Fev Mar Abr Mai Jun Jul Ago Set Out Nov Dez
V/Λ2016 > Jan Fev Mar Abr Mai Jun Jul Ago Set Out Nov Dez
V/Λ2015 > Jan Fev Mar Abr Mai Jun Jul Ago Set Out Nov Dez

Report for 2016 Out
                   Monthly Climatological Summary for Out 2016

Name: Torres Vedras   City: Torres Vedras   State: Portugal
Elevation: 50 m  Lat: N 39 05 12   Lon: W 009 15 29

                  Temperature (°C), Rain (mm), Wind Speed (kts)

                                      Heat  Cool        Avg
    Mean                              Deg   Deg         Wind                 Dom
Day Temp  High   Time   Low    Time   Days  Days  Rain  Speed High   Time    Dir
----------------------------------------------------------------------------------
01  18,1  23,9   13:52  14,6   07:58   1,3   1,2   0,0   1,8  20,2   16:27   NNW
02  16,1  21,2   15:07  10,8   07:02   2,8   0,6   0,0   1,4  16,7   15:57   WNW
03  15,7  22,5   14:55  10,1   06:49   3,4   0,7   0,0   1,0   9,7   16:15   WNW
04  16,8  25,7   14:02   9,9   06:35   3,0   1,6   0,0   1,6  17,9   15:54   NNW
05  18,9  27,5   16:23  14,0   07:29   1,8   2,4   0,0   1,2  11,3   15:11   NNW
06  16,8  22,7   15:30  12,1   04:27   2,4   0,8   0,0   1,1  11,3   19:34   WNW
07  17,3  23,2   13:09  11,7   07:31   2,1   1,1   0,0   1,2  14,4   14:25    NW
08  18,2  23,8   14:22  15,1   03:10   1,4   1,3   0,0   1,7  16,0   15:21    NW
09  17,3  20,8   14:19  15,5   07:26   1,3   0,3   0,0   1,6  12,5   15:00   WNW
10  17,5  21,6   15:18  15,2   22:42   1,3   0,4   0,0   1,0  10,1   15:42     W
11  17,6  21,2   16:05  15,3   05:10   1,3   0,6   2,4   3,8  29,2   18:05   SSW
12  16,3  19,5   13:39  12,7   23:53   2,1   0,1   5,4   3,8  23,0   10:45   SSW
13  15,1  20,0   14:59  10,8   05:44   3,4   0,1   0,0   1,4  15,2   13:21   WNW
14  16,0  20,2   14:47  11,9   07:45   2,6   0,2   0,0   1,6  13,2   16:22   WSW
15  17,3  21,2   15:02  14,3   01:40   1,6   0,6   0,0   3,7  21,0   16:40     S
16  17,3  20,8   13:52  15,4   07:59   1,3   0,3   0,3   2,1  16,0   12:09     S
17  18,0  21,2   13:34  15,5   03:57   1,0   0,7   0,6   3,1  19,9   12:52   SSE
18  20,2  26,7   15:51  17,0   06:58   0,2   2,1   0,0   2,3  17,5   14:44   SSE
19  19,7  25,3   12:33  17,5   00:27   0,2   1,6   0,0   1,5  11,7   10:43   SSW
20  18,4  22,3   15:06  16,2   23:58   0,7   0,8   0,0   1,0   9,7   14:03   WSW
21  17,2  20,0   13:31  15,0   06:16   1,4   0,3   0,0   2,4  12,8   14:55     S
22  18,6  21,9   14:42  14,8   23:35   0,7   0,9   5,4   4,4  39,3   22:06     S
23  16,1  18,2   15:59  14,3   23:08   2,2   0,0   1,2   7,3  29,6   11:00   SSW
24  15,5  19,0   15:24  12,5   06:40   2,9   0,0   3,3   4,4  23,4   20:19    SE
25  18,7  22,7   16:26  16,4   00:01   0,5   0,9   6,9   4,3  21,8   00:13    SE
26  19,9  27,9   15:17  15,8   05:22   0,7   2,4   0,0   1,1  13,2   08:41   ESE
27  23,4  28,4   15:27  19,0   00:00   0,0   5,1   0,0   1,9  14,4   10:03   ESE
28  23,2  30,2   15:31  20,0   01:48   0,0   4,9   0,0   1,4  16,4   08:09   ESE
29  21,6  28,1   16:19  17,8   23:57   0,0   3,4   0,0   1,7  12,8   10:35   ESE
30  19,3  28,3   13:52  14,2   23:59   0,8   1,8   0,0   1,5  11,3   02:39     S
31  18,9  26,4   14:44  13,6   04:21   1,4   2,0   0,0   1,5  14,8   15:00   SSE
----------------------------------------------------------------------------------
    18,1  30,2    28     9,9     4    45,8  39,2  25,5   2,3  39,3    22       S

Max >=  27,0  6
Max <=  15,0  0
Min <=  10,0  1
Min <=   5,0  0
Max Rain: 6,9 on day 25
Days of Rain: 8 (>= 0,2 mm)  5 (>= 2,0 mm)  0 (>= 20,0 mm)
Heat Base: 18,3  Cool Base: 18,3  Method: Integration