NOAA style reports

NOAA-style Climate Reports

Selecione o Ano ou Mês do relatório
V/Λ2019 > Jan Fev Mar Abr Mai Jun Jul Ago Set Out Nov Dez
V/Λ2018 > Jan Fev Mar Abr Mai Jun Jul Ago Set Out Nov Dez
V/Λ2017 > Jan Fev Mar Abr Mai Jun Jul Ago Set Out Nov Dez
V/Λ2016 > Jan Fev Mar Abr Mai Jun Jul Ago Set Out Nov Dez
V/Λ2015 > Jan Fev Mar Abr Mai Jun Jul Ago Set Out Nov Dez

Report for 2016 Set
                   Monthly Climatological Summary for Set 2016

Name: Torres Vedras   City: Torres Vedras   State: Portugal
Elevation: 50 m  Lat: N 39 05 12   Lon: W 009 15 29

                  Temperature (°C), Rain (mm), Wind Speed (kts)

                                      Heat  Cool        Avg
    Mean                              Deg   Deg         Wind                 Dom
Day Temp  High   Time   Low    Time   Days  Days  Rain  Speed High   Time    Dir
----------------------------------------------------------------------------------
01  20,9  27,4   13:16  17,9   08:03   0,0   2,6   0,0   1,8  12,5   13:50   WNW
02  21,0  27,5   17:27  17,5   05:48   0,2   2,9   0,0   1,7   9,7   12:34    NW
03  20,1  29,1   14:47  15,0   07:23   0,9   2,7   0,0   1,3  10,5   16:08     W
04  22,9  33,4   16:40  15,4   07:28   0,8   5,5   0,0   1,3  12,8   17:46    NW
05  25,5  34,9   14:49  16,8   07:01   0,2   7,4   0,0   1,8  15,6   16:37   NNW
06  28,0  33,0   15:34  19,4   23:58   0,0   7,6   0,0   1,7   8,2   00:00    NW
07  19,7  24,3   17:06  16,7   07:14   0,4   1,8   0,0   2,3  19,5   17:53    NW
08  19,9  24,1   14:00  17,2   07:12   0,2   1,8   0,0   3,3  24,9   15:04   NNW
09  19,7  24,6   15:35  16,8   06:52   0,4   1,8   0,0   2,9  21,8   15:15    NW
10  20,8  25,7   14:06  17,2   06:47   0,1   2,6   0,0   2,7  19,5   13:55    NW
11  21,2  26,3   16:00  17,8   23:53   0,0   2,9   0,0   2,2  15,6   16:41    NW
12  20,1  26,0   15:57  15,4   08:02   0,8   2,6   0,0   2,5  16,4   21:01    SW
13  19,4  22,4   15:57  16,9   04:52   0,3   1,5   7,5   3,8  30,4   01:08     W
14  17,7  21,6   13:08  14,1   07:05   1,3   0,7   0,0   1,8  16,7   18:06   WNW
15  17,5  21,8   14:52  14,5   06:57   1,3   0,5   0,6   2,0  16,7   15:07   WSW
16  18,9  21,1   11:44  15,0   07:36   0,9   1,5   0,0   2,0  17,1   11:38   NNW
17  21,1  21,1   00:00  21,1   00:00   0,0   0,6   0,0   3,1   4,3   00:00   NNW
18  19,6  20,5   19:39  16,0   23:42   0,0   0,3   0,0   3,1   9,3   19:46     N
19  19,9  31,3   14:26  14,4   01:31   1,3   2,9   0,0  ----  14,4   16:31   NNW
20  18,0  21,2   14:29  16,5   00:00   0,7   0,4   0,0  ----  14,4   23:10    NW
21  17,7  21,2   15:21  14,7   23:52   1,2   0,6   0,0  ----  17,1   12:29    NW
22  16,4  21,6   16:02  11,2   06:09   2,6   0,7   0,0  ----  16,4   15:02   WNW
23  18,5  25,1   13:07  12,9   07:47   1,7   1,9   0,0  ----  14,8   13:33    NW
24  18,8  25,5   14:11  15,1   02:22   1,0   1,5   0,0  ----  16,4   16:57   WSW
25  18,7  24,1   13:58  15,0   07:54   0,9   1,3   0,0  ----  21,8   16:18   NNW
26  17,7  23,1   15:03  13,3   04:35   1,8   1,1   0,0  ----  23,7   17:54   NNW
27  20,5  27,9   14:30  16,4   07:33   0,4   2,7   0,0  ----  18,3   18:52   NNW
28  23,5  34,6   14:58  13,6   07:31   0,9   6,1   0,0  ----  15,2   11:31    NE
29  22,7  29,8   14:27  18,6   07:53   0,0   4,4   0,0  ----  16,7   07:05   ESE
30  19,2  25,1   14:04  14,6   06:37   1,0   1,9   0,0  ----  16,4   13:49   WSW
----------------------------------------------------------------------------------
    20,2  34,9     5    11,2    22    21,3  72,8   8,1   2,2  30,4    13      NW

Max >=  27,0 10
Max <=  15,0  0
Min <=  10,0  0
Min <=   5,0  0
Max Rain: 7,5 on day 13
Days of Rain: 2 (>= 0,2 mm)  1 (>= 2,0 mm)  0 (>= 20,0 mm)
Heat Base: 18,3  Cool Base: 18,3  Method: Integration