NOAA style reports

NOAA-style Climate Reports

Selecione o Ano ou Mês do relatório
V/Λ2019 > Jan Fev Mar Abr Mai Jun Jul Ago Set Out Nov Dez
V/Λ2018 > Jan Fev Mar Abr Mai Jun Jul Ago Set Out Nov Dez
V/Λ2017 > Jan Fev Mar Abr Mai Jun Jul Ago Set Out Nov Dez
V/Λ2016 > Jan Fev Mar Abr Mai Jun Jul Ago Set Out Nov Dez
V/Λ2015 > Jan Fev Mar Abr Mai Jun Jul Ago Set Out Nov Dez

Report for 2016 Ago
                   Monthly Climatological Summary for Ago 2016

Name: Torres Vedras   City: Torres Vedras   State: Portugal
Elevation: 50 m  Lat: N 39 05 12   Lon: W 009 15 29

                  Temperature (°C), Rain (mm), Wind Speed (kts)

                                      Heat  Cool        Avg
    Mean                              Deg   Deg         Wind                 Dom
Day Temp  High   Time   Low    Time   Days  Days  Rain  Speed High   Time    Dir
----------------------------------------------------------------------------------
01  19,6  25,4   16:17  16,4   05:15   0,6   1,8   0,0   2,7  17,9   18:31    NW
02  20,1  26,3   15:50  15,9   04:13   0,7   2,5   0,0   2,3  15,6   17:10    NW
03  20,5  25,1   16:45  17,5   02:34   0,2   2,4   0,0   3,5  22,6   15:15   NNW
04  20,8  24,2   15:27  18,4   23:45   0,0   2,5   0,0   2,9  17,9   14:42   NNW
05  21,3  27,6   15:28  16,8   07:05   0,2   3,2   0,0   2,9  20,6   18:42   NNW
06  25,1  34,9   13:15  16,1   06:41   0,4   7,2   0,0   1,4  12,1   15:09    NW
07  26,1  38,3   12:53  17,3   06:59   0,1   7,9   0,0   1,5  13,2   10:34   WSW
08  25,8  33,3   11:43  19,5   04:12   0,0   7,5   0,0   1,7  16,0   17:11   WSW
09  22,4  29,9   12:39  17,7   06:55   0,0   4,2   0,0   1,9  17,1   18:11    NW
10  23,0  33,4   15:03  15,8   06:41   0,5   5,3   0,0   1,8  16,0   18:09   NNW
11  25,9  32,8   13:03  18,5   03:27   0,0   7,6   0,0   2,6  19,1   07:47     E
12  26,7  33,8   12:43  20,5   04:00   0,0   8,4   0,0   2,0  17,1   15:53     W
13  26,2  35,3   13:55  19,6   23:56   0,0   7,9   0,0   2,3  26,9   16:08     N
14  20,1  26,4   14:27  16,3   05:51   0,3   2,1   0,0   2,4  16,0   18:50    NW
15  19,8  23,6   16:25  16,9   02:23   0,3   1,8   0,0   1,9  13,6   18:44   WNW
16  20,3  24,8   15:44  16,5   01:44   0,3   2,3   0,0   1,9  17,9   10:25   WNW
17  20,8  24,8   15:38  18,2   23:58   0,0   2,5   0,0   2,1  16,7   16:58   WNW
18  20,0  24,4   16:28  16,6   05:33   0,4   2,1   0,0   2,1  16,7   15:28    NW
19  20,9  26,1   15:37  17,6   01:40   0,1   2,6   0,6   2,0  13,2   17:56   WSW
20  20,3  25,0   14:49  16,9   05:18   0,3   2,2   0,0   2,9  22,2   13:24   NNW
21  21,1  28,1   17:52  15,5   07:06   0,6   3,4   0,0   2,0  12,8   16:14   NNW
22  21,1  29,9   12:58  14,5   06:31   0,9   3,7   0,0   1,5  14,4   13:56     W
23  22,0  29,5   15:40  17,5   07:26   0,1   3,8   0,0   2,0  16,0   19:13   NNW
24  20,7  26,6   14:52  18,1   03:03   0,0   2,4   0,0   2,4  19,5   08:04    NW
25  20,5  25,8   13:40  18,0   04:25   0,0   2,3   0,0   2,5  18,7   17:40   NNW
26  20,7  27,4   16:50  17,4   07:05   0,2   2,6   0,0   1,8  12,8   13:19    NW
27  20,8  28,4   15:55  17,2   07:27   0,2   2,7   0,0   2,0  13,6   19:16   NNW
28  20,5  27,1   14:35  16,7   02:50   0,3   2,5   0,0   2,8  23,4   17:13   NNW
29  19,5  25,2   13:16  15,9   05:47   0,7   1,9   0,0   2,4  14,8   12:17    NW
30  19,4  23,2   13:51  17,0   02:12   0,2   1,3   0,0   2,7  23,7   21:38    NW
31  20,4  24,8   14:52  18,2   07:45   0,0   2,1   0,0   3,2  18,7   01:25   NNW
----------------------------------------------------------------------------------
    21,7  38,3     7    14,5    22     7,6 112,7   0,6   2,3  26,9    13      NW

Max >=  27,0 15
Max <=  15,0  0
Min <=  10,0  0
Min <=   5,0  0
Max Rain: 0,6 on day 19
Days of Rain: 1 (>= 0,2 mm)  0 (>= 2,0 mm)  0 (>= 20,0 mm)
Heat Base: 18,3  Cool Base: 18,3  Method: Integration