NOAA style reports

NOAA-style Climate Reports

Selecione o Ano ou Mês do relatório
V/Λ2019 > Jan Fev Mar Abr Mai Jun Jul Ago Set Out Nov Dez
V/Λ2018 > Jan Fev Mar Abr Mai Jun Jul Ago Set Out Nov Dez
V/Λ2017 > Jan Fev Mar Abr Mai Jun Jul Ago Set Out Nov Dez
V/Λ2016 > Jan Fev Mar Abr Mai Jun Jul Ago Set Out Nov Dez
V/Λ2015 > Jan Fev Mar Abr Mai Jun Jul Ago Set Out Nov Dez

Report for 2016 Jul
                   Monthly Climatological Summary for Jul 2016

Name: Torres Vedras   City: Torres Vedras   State: Portugal
Elevation: 50 m  Lat: N 39 05 12   Lon: W 009 15 29

                  Temperature (°C), Rain (mm), Wind Speed (kts)

                                      Heat  Cool        Avg
    Mean                              Deg   Deg         Wind                 Dom
Day Temp  High   Time   Low    Time   Days  Days  Rain  Speed High   Time    Dir
----------------------------------------------------------------------------------
01  18,2  20,3   18:45  16,9   23:12   0,3   0,2   0,0   3,5  23,0   19:44   NNW
02  19,3  23,8   14:18  16,3   06:42   0,7   1,6   0,0   4,3  23,7   12:52   NNW
03  21,9  31,8   16:34  14,9   05:58   0,9   4,5   0,0   1,8  14,0   20:12   NNW
04  17,7  20,0   11:35  16,8   06:10   0,7   0,1   0,0   1,9  13,2   11:40     W
05  19,5  25,7   12:53  16,5   06:12   0,6   1,9   0,0   1,6  10,9   15:08     W
06  20,3  26,9   11:28  15,4   05:55   0,7   2,7   0,0   1,6  12,1   13:24     W
07  21,7  28,9   13:47  17,6   22:50   0,0   3,5   0,0   1,6  11,7   16:32   WNW
08  20,8  29,0   16:24  17,0   05:02   0,4   2,9   0,0   2,9  19,9   19:17   NNW
09  21,4  29,3   16:38  16,4   06:59   0,4   3,6   0,0   2,8  19,9   18:49   NNW
10  20,4  25,5   14:24  17,5   05:41   0,2   2,3   0,0   3,8  24,1   15:46   NNW
11  20,0  25,0   15:43  16,6   04:04   0,4   2,1   0,0   3,5  24,9   14:30   NNW
12  19,2  23,5   15:35  16,1   06:11   0,7   1,6   0,0   4,1  28,4   10:44   NNW
13  19,5  26,0   14:59  14,7   06:29   1,0   2,2   0,0   3,3  22,6   18:33   NNW
14  22,5  32,7   13:17  13,0   07:02   1,2   5,4   0,0   1,7  15,6   19:14   NNW
15  25,5  36,1   14:30  15,9   05:00   0,3   7,5   0,0   2,3  17,9   09:43     S
16  25,0  34,9   12:22  17,1   05:59   0,1   6,6   0,0   1,6  14,0   12:39     W
17  21,4  29,5   13:54  16,0   07:02   0,4   3,4   0,0   1,3  11,7   14:28   WNW
18  20,0  27,7   12:01  15,2   06:42   0,9   2,6   0,0   2,3  18,7   16:06   WSW
19  18,6  19,6   09:00  15,7   06:32   0,5   0,8   0,0   1,0   4,7   08:52     N
20  21,7  26,7   14:45  18,7   22:40   0,0   2,3   0,0   2,5  21,4   17:30   NNW
21  21,3  26,2   14:13  18,0   04:31   0,0   3,0   0,0   3,1  22,6   13:42    NW
22  20,9  24,5   17:02  18,5   23:47   0,0   2,6   0,0   3,5  24,1   16:26   NNW
23  23,3  32,7   13:59  17,0   06:09   0,3   5,3   0,0   2,4  18,3   14:51   NNW
24  26,1  36,5   16:55  16,2   07:12   0,3   8,0   0,0   1,6  13,6   15:44    NW
25  25,4  34,0   15:17  17,5   06:49   0,1   7,2   0,0   1,6  12,5   19:38   WNW
26  20,1  24,4   14:33  17,4   05:00   0,1   1,9   0,0   2,4  15,6   15:05   WNW
27  20,1  24,8   18:24  17,7   06:17   0,1   1,9   0,0   2,6  17,1   15:12    NW
28  20,8  26,8   15:07  16,6   03:33   0,5   3,0   0,0   1,6  10,5   15:31   WNW
29  20,7  28,3   11:51  15,6   06:21   0,6   3,1   0,0   1,7  12,8   13:54   WSW
30  18,9  22,5   15:12  16,6   02:25   0,4   1,0   0,0   2,7  14,0   03:57   WSW
31  20,3  25,2   16:10  17,7   06:20   0,1   2,1   0,0   2,9  21,4   18:36    NW
----------------------------------------------------------------------------------
    21,0  36,5    24    13,0    14    12,9  96,9   0,0   2,4  28,4    12      NW

Max >=  27,0 13
Max <=  15,0  0
Min <=  10,0  0
Min <=   5,0  0
Max Rain: 0,0 on day 0
Days of Rain: 0 (>= 0,2 mm)  0 (>= 2,0 mm)  0 (>= 20,0 mm)
Heat Base: 18,3  Cool Base: 18,3  Method: Integration