NOAA style reports

NOAA-style Climate Reports

Selecione o Ano ou Mês do relatório
V/Λ2019 > Jan Fev Mar Abr Mai Jun Jul Ago Set Out Nov Dez
V/Λ2018 > Jan Fev Mar Abr Mai Jun Jul Ago Set Out Nov Dez
V/Λ2017 > Jan Fev Mar Abr Mai Jun Jul Ago Set Out Nov Dez
V/Λ2016 > Jan Fev Mar Abr Mai Jun Jul Ago Set Out Nov Dez
V/Λ2015 > Jan Fev Mar Abr Mai Jun Jul Ago Set Out Nov Dez

Report for 2016 Jun
                   Monthly Climatological Summary for Jun 2016

Name: Torres Vedras   City: Torres Vedras   State: Portugal
Elevation: 50 m  Lat: N 39 05 12   Lon: W 009 15 29

                  Temperature (°C), Rain (mm), Wind Speed (kts)

                                      Heat  Cool        Avg
    Mean                              Deg   Deg         Wind                 Dom
Day Temp  High   Time   Low    Time   Days  Days  Rain  Speed High   Time    Dir
----------------------------------------------------------------------------------
01  21,1  29,2   13:00  13,7   07:36   1,3   4,1   0,0   1,7  14,0   16:35    NW
02  19,2  25,7   13:05  13,5   06:55   1,1   2,0   0,0   1,5  13,2   14:20   WNW
03  17,5  20,8   15:20  15,8   05:22   1,1   0,3   0,0   2,4  16,7   16:58   WNW
04  18,0  22,5   13:12  13,5   06:36   1,3   1,0   0,0   2,0  14,4   14:38     W
05  18,7  23,5   16:22  15,1   07:47   0,8   1,2   0,0   1,8  14,0   14:41   WSW
06  19,6  23,1   15:20  17,2   06:09   0,2   1,5   0,0   2,3  12,8   10:03   WSW
07  20,7  27,7   17:00  14,2   06:08   1,0   3,4   0,0   1,7  12,8   15:13   NNW
08  21,6  29,6   15:24  16,0   06:19   0,5   3,7   0,0   1,7  12,8   15:40    NW
09  19,9  24,2   13:52  16,5   04:53   0,4   2,0   0,0   2,6  16,7   17:05    NW
10  18,7  21,7   14:41  16,6   23:48   0,5   0,9   0,0   3,7  28,8   18:50    NW
11  18,8  22,7   15:41  15,5   06:04   0,8   1,3   0,0   2,8  16,7   09:21    NW
12  20,6  23,8   17:06  18,4   05:34   0,0   2,3   0,0   2,8  16,4   15:41    NW
13  19,8  23,6   15:40  17,5   23:52   0,1   1,6   0,0   2,7  17,5   14:16    NW
14  18,3  21,5   14:31  15,4   06:57   0,7   0,7   0,0   2,7  20,6   16:44   WSW
15  17,5  19,8   13:25  14,0   22:33   1,0   0,2   4,8   3,9  23,7   14:14     W
16  17,1  20,7   14:14  13,9   05:35   1,5   0,3   0,0   2,8  19,5   15:42   WNW
17  17,3  22,4   15:50  12,3   06:40   1,9   0,9   0,0   1,9  19,5   18:47   NNW
18  18,3  23,8   15:49  14,0   04:58   1,4   1,4   0,0   3,1  23,7   18:27   NNW
19  20,3  27,7   13:04  14,5   06:23   1,1   3,1   0,0   2,4  19,5   21:19   NNW
20  20,8  28,1   13:23  15,9   03:15   0,8   3,3   0,0   2,4  14,0   17:16   NNW
21  20,3  27,0   12:18  16,1   03:32   0,7   2,7   0,0   1,9  12,8   13:43   WNW
22  20,3  26,1   14:58  17,7   07:41   0,1   2,0   0,0   2,2  14,4   17:28   NNW
23  20,1  24,3   17:01  17,4   23:52   0,1   1,8   0,0   2,2  16,0   15:14   NNW
24  18,9  22,5   12:59  17,2   06:41   0,2   0,9   0,0   3,2  21,0   17:28   NNW
25  18,8  22,9   16:56  16,6   23:51   0,7   1,2   0,0   3,7  23,0   15:02   NNW
26  20,7  28,1   15:06  15,6   04:31   0,8   3,2   0,0   2,3  18,3   19:49   NNW
27  22,3  31,5   14:54  15,3   05:58   0,7   4,7   0,0   1,7  14,8   16:29   NNW
28  19,8  25,5   13:23  16,1   05:48   0,6   2,2   0,0   3,0  22,6   15:02   NNW
29  19,1  23,3   16:09  16,5   23:56   0,6   1,4   0,0   3,7  24,5   19:06   NNW
30  18,5  22,2   14:31  16,2   02:25   0,7   0,9   0,0   3,1  20,2   17:23    NW
----------------------------------------------------------------------------------
    19,4  31,5    27    12,3    17    22,7  56,2   4,8   2,5  28,8    10      NW

Max >=  27,0  8
Max <=  15,0  0
Min <=  10,0  0
Min <=   5,0  0
Max Rain: 4,8 on day 15
Days of Rain: 1 (>= 0,2 mm)  1 (>= 2,0 mm)  0 (>= 20,0 mm)
Heat Base: 18,3  Cool Base: 18,3  Method: Integration