NOAA style reports

NOAA-style Climate Reports

Selecione o Ano ou Mês do relatório
V/Λ2020 > Jan Fev Mar Abr Mai Jun Jul Ago Set Out Nov Dez
V/Λ2019 > Jan Fev Mar Abr Mai Jun Jul Ago Set Out Nov Dez
V/Λ2018 > Jan Fev Mar Abr Mai Jun Jul Ago Set Out Nov Dez
V/Λ2017 > Jan Fev Mar Abr Mai Jun Jul Ago Set Out Nov Dez
V/Λ2016 > Jan Fev Mar Abr Mai Jun Jul Ago Set Out Nov Dez
V/Λ2015 > Jan Fev Mar Abr Mai Jun Jul Ago Set Out Nov Dez

Report for 2016 Mai
                   Monthly Climatological Summary for Mai 2016

Name: Torres Vedras   City: Torres Vedras   State: Portugal
Elevation: 50 m  Lat: N 39 05 12   Lon: W 009 15 29

                  Temperature (°C), Rain (mm), Wind Speed (kts)

                                      Heat  Cool        Avg
    Mean                              Deg   Deg         Wind                 Dom
Day Temp  High   Time   Low    Time   Days  Days  Rain  Speed High   Time    Dir
----------------------------------------------------------------------------------
01  16,4  24,3   14:52   9,7   06:57   3,2   1,3   0,0   2,0  16,0   15:16     N
02  17,0  26,1   13:48   8,8   06:14   3,3   2,0   0,0   2,0  18,7   17:59     N
03  20,6  31,7   17:27   9,7   06:01   2,2   4,5   0,0   1,8  13,2   15:00   ENE
04  20,3  27,3   15:48  14,2   03:29   0,6   2,6   0,0   2,7  17,9   08:43     S
05  15,6  17,2   00:00  13,7   23:39   2,6   0,0  12,3   1,4   8,6   10:14     S
06  13,8  14,9   17:12  12,0   23:56   4,5   0,0   5,1   3,2  16,4   18:05     W
07  13,2  14,8   15:37  12,0   00:00   5,1   0,0  15,3   7,3  40,5   15:36     S
08  14,8  17,4   12:54  12,6   06:46   3,5   0,0   7,8  10,9  44,0   16:01   SSW
09  14,0  16,1   16:03  12,8   12:30   4,3   0,0   7,2   6,4  27,3   15:30     S
10  14,1  17,4   14:05  11,4   00:58   4,2   0,0   5,4   8,1  36,6   14:26     S
11  13,4  16,1   16:18  11,9   06:21   4,9   0,0   4,5   4,3  21,0   15:58     S
12  13,9  16,3   16:24  11,5   07:28   4,4   0,0   3,3   4,3  20,6   05:50    SW
13  14,6  17,3   15:09  12,6   05:27   3,7   0,0   0,0   2,4  17,9   12:16   WNW
14  14,4  17,3   15:50  12,0   02:44   3,9   0,0   0,0   1,6  13,2   10:09    NW
15  15,4  19,4   13:59  12,5   01:53   2,9   0,0   0,0   2,4  16,7   15:44   NNW
16  15,6  19,3   15:01  13,4   00:00   2,7   0,0   0,0   2,2  15,2   17:28   NNW
17  15,1  17,6   15:33  13,6   23:46   3,2   0,0   0,0   2,6  17,1   16:10   NNW
18  16,1  20,5   15:35  13,5   00:06   2,4   0,2   0,0   3,3  21,0   20:07   NNW
19  17,4  22,4   15:57  14,0   02:30   1,8   0,9   0,0   3,4  23,7   17:25   NNW
20  18,6  26,5   16:34  14,5   06:14   1,8   2,1   0,0   2,2  13,2   02:12   NNW
21  15,8  21,1   14:17  13,8   05:02   2,6   0,2   0,0   2,3  17,1   14:58     W
22  16,8  21,1   15:38  12,8   23:55   1,9   0,5   0,3   3,1  19,1   17:25    NW
23  16,9  24,3   14:46  10,7   07:05   2,7   1,3   0,0   2,6  19,1   12:35     S
24  16,5  19,8   15:13  14,9   02:15   1,8   0,1   0,3   5,2  22,2   13:25   SSW
25  16,8  20,8   14:55  14,2   04:39   1,8   0,3   0,0   4,6  21,8   14:47   SSW
26  16,6  20,7   16:25  12,3   06:17   2,2   0,5   0,0   4,1  23,4   17:00   SSW
27  17,6  21,0   12:22  13,5   06:01   1,3   0,6   0,0   6,2  34,3   14:50     S
28  16,5  18,6   12:10  13,2   07:29   1,8   0,0   3,3   8,4  39,3   18:00   SSW
29  16,2  18,5   16:15  14,7   05:19   2,1   0,0   1,8   3,9  17,9   10:51    SW
30  16,5  20,6   13:19  12,2   06:26   2,2   0,4   0,0   1,9  19,1   17:31    NW
31  17,9  24,2   16:45  11,9   05:18   2,1   1,7   0,0   1,9  15,6   17:56   NNW
----------------------------------------------------------------------------------
    16,1  31,7     3     8,8     2    87,7  19,2  66,6   3,8  44,0     8      SW

Max >=  27,0  2
Max <=  15,0  2
Min <=  10,0  3
Min <=   5,0  0
Max Rain: 15,3 on day 7
Days of Rain: 12 (>= 0,2 mm)  9 (>= 2,0 mm)  0 (>= 20,0 mm)
Heat Base: 18,3  Cool Base: 18,3  Method: Integration