NOAA style reports

NOAA-style Climate Reports

Selecione o Ano ou Mês do relatório
V/Λ2019 > Jan Fev Mar Abr Mai Jun Jul Ago Set Out Nov Dez
V/Λ2018 > Jan Fev Mar Abr Mai Jun Jul Ago Set Out Nov Dez
V/Λ2017 > Jan Fev Mar Abr Mai Jun Jul Ago Set Out Nov Dez
V/Λ2016 > Jan Fev Mar Abr Mai Jun Jul Ago Set Out Nov Dez
V/Λ2015 > Jan Fev Mar Abr Mai Jun Jul Ago Set Out Nov Dez

Report for 2016 Abr
                   Monthly Climatological Summary for Abr 2016

Name: Torres Vedras   City: Torres Vedras   State: Portugal
Elevation: 50 m  Lat: N 39 05 12   Lon: W 009 15 29

                  Temperature (°C), Rain (mm), Wind Speed (kts)

                                      Heat  Cool        Avg
    Mean                              Deg   Deg         Wind                 Dom
Day Temp  High   Time   Low    Time   Days  Days  Rain  Speed High   Time    Dir
----------------------------------------------------------------------------------
01  14,8  14,8   00:00  14,8   00:00   0,7   0,0   0,0  ----  10,1   00:00   SSW
02  13,5  15,6   14:53  11,9   23:37   2,2   0,0   6,3   7,4  26,1   16:58     S
03  12,1  14,2   15:06  10,1   02:38   6,2   0,0   2,1   7,2  30,8   17:15   SSW
04  13,2  15,2   15:40  11,8   22:28   5,1   0,0  12,6   5,3  28,0   00:32   WSW
05  13,2  16,9   15:31  11,4   23:56   5,1   0,0   0,0   3,8  25,7   07:06   NNW
06  14,1  19,2   13:07  10,2   05:37   4,3   0,0   0,0   2,7  18,7   15:27   NNW
07  14,6  19,9   14:29  12,0   23:33   3,7   0,1   0,0   3,4  22,2   00:12   NNW
08  12,5  16,4   14:34  10,1   06:55   5,8   0,0   0,0   3,7  23,0   00:12   NNW
09  12,1  15,1   15:48  10,5   05:39   6,2   0,0   0,3   2,1  13,6   11:29     W
10  11,5  14,0   13:59   9,2   23:55   6,8   0,0   3,0   8,2  35,8   23:26   SSW
11  11,5  15,1   16:20   7,2   07:24   6,8   0,0   0,0   7,0  45,5   16:47   SSW
12  12,7  16,6   15:15  10,4   07:35   5,6   0,0   6,6   7,7  38,9   14:58   SSW
13  14,2  17,4   13:14  11,2   07:05   4,1   0,0   0,0   8,4  32,3   17:34     S
14  15,3  16,7   14:28  14,6   08:14   3,0   0,0   4,2  10,1  37,0   02:35     S
15  15,5  17,2   16:40  14,5   00:39   2,8   0,0   4,2   8,6  40,1   16:32     S
16  15,1  17,2   15:55  12,9   23:56   3,2   0,0   4,8   8,2  46,3   05:28   SSW
17  13,8  17,4   14:48  10,9   05:21   4,5   0,0   0,0   2,8  16,0   14:39    SW
18  15,2  22,6   16:31   9,3   03:09   3,7   0,7   1,2   4,2  24,5   14:58   SSE
19  15,9  18,2   11:33  14,0   05:51   2,4   0,0   7,2   7,8  36,2   14:58     S
20  14,9  17,6   15:03  13,1   05:41   3,4   0,0   1,2   7,2  28,8   18:00     S
21  14,6  17,5   15:41  11,6   01:24   3,7   0,0   1,2   4,6  23,4   16:06   SSW
22  15,0  18,4   12:11  11,9   07:02   3,3   0,0   0,0   1,7  14,0   11:40   SSW
23  16,1  20,4   15:04  13,6   23:42   2,6   0,3   0,0   1,7  17,1   16:10   NNW
24  15,3  19,5   13:49  11,5   04:45   3,1   0,1   0,0   2,2  16,4   18:34    NW
25  15,5  22,6   13:00  11,3   02:09   3,0   0,4   0,0   1,5  12,5   14:17    NW
26  14,9  19,0   15:52  12,1   01:39   3,3   0,0   0,0   1,7  11,7   17:21   WNW
27  14,2  17,3   13:15  12,6   05:23   4,1   0,0   0,0   2,1  12,8   16:13    NW
28  14,5  18,3   15:52  11,9   07:07   3,8   0,0   0,0   1,6  12,8   13:34   WNW
29  15,7  18,7   11:20  10,4   05:05   2,8   0,2   0,0   0,7   7,4   10:17     N
30  16,7  18,7   00:00  13,1   23:52   0,9   0,1   0,0   2,4  21,8   19:03   NNW
----------------------------------------------------------------------------------
    14,3  22,6    18     7,2    11   116,2   1,9  54,9   4,7  46,3    16     SSW

Max >=  27,0  0
Max <=   0,0  0
Min <=   0,0  0
Min <= -18,0  0
Max Rain: 12,6 on day 4
Days of Rain: 13 (>= 0,2 mm)  9 (>= 2,0 mm)  0 (>= 20,0 mm)
Heat Base: 18,3  Cool Base: 18,3  Method: Integration