NOAA style reports

NOAA-style Climate Reports

Selecione o Ano ou Mês do relatório
V/Λ2019 > Jan Fev Mar Abr Mai Jun Jul Ago Set Out Nov Dez
V/Λ2018 > Jan Fev Mar Abr Mai Jun Jul Ago Set Out Nov Dez
V/Λ2017 > Jan Fev Mar Abr Mai Jun Jul Ago Set Out Nov Dez
V/Λ2016 > Jan Fev Mar Abr Mai Jun Jul Ago Set Out Nov Dez
V/Λ2015 > Jan Fev Mar Abr Mai Jun Jul Ago Set Out Nov Dez

Report for 2016 Mar
                   Monthly Climatological Summary for Mar 2016

Name: Torres Vedras   City: Torres Vedras   State: Portugal
Elevation: 50 m  Lat: N 39 05 12   Lon: W 009 15 29

                  Temperature (°C), Rain (mm), Wind Speed (kts)

                                      Heat  Cool        Avg
    Mean                              Deg   Deg         Wind                 Dom
Day Temp  High   Time   Low    Time   Days  Days  Rain  Speed High   Time    Dir
----------------------------------------------------------------------------------
01  10,6  17,5   15:12   4,2   07:14   7,7   0,0   0,0   1,5  14,4   23:41    NW
02  12,8  15,7   13:18  11,4   05:57   5,5   0,0   0,0   2,5  14,8   04:59   NNW
03  12,4  15,8   14:02  10,3   03:23   5,9   0,0   0,0   3,3  23,4   09:04   NNW
04  12,0  14,2   12:24  10,6   23:46   6,3   0,0   1,2   3,1  21,4   13:39   WNW
05  11,4  14,6   13:21   9,4   08:26   6,9   0,0   0,0   2,7  25,3   15:29    NW
06  10,5  14,0   14:30   6,7   07:18   7,8   0,0   0,6   1,7  22,2   14:59   NNW
07  11,5  13,9   13:47  10,0   02:15   6,8   0,0   3,6   4,4  29,2   15:14   NNW
08  11,4  15,5   15:10   8,1   07:09   6,9   0,0   0,0   2,7  22,6   13:55     N
09  10,4  13,5   13:01   5,8   04:40   7,9   0,0   1,5   2,3  19,1   16:30    NW
10  12,1  15,5   13:39  10,2   04:15   6,2   0,0   0,0   3,8  26,9   08:26   NNW
11  11,9  17,4   13:23   7,4   07:34   6,4   0,0   0,0   1,8  14,8   13:50   NNW
12  10,9  19,0   12:57   3,5   06:44   7,4   0,0   0,0   1,0  11,3   15:07   WNW
13  10,8  19,9   12:33   4,0   06:52   7,0   0,0   0,0   0,9  11,7   14:09   WSW
14  10,3  16,1   11:34   4,1   06:29   7,8   0,0   0,0   1,9  18,3   16:37   SSW
15  12,6  16,3   12:20   8,6   23:59   5,7   0,0   0,6   2,4  23,0   11:46   SSW
16  11,1  15,4   14:42   6,3   03:48   7,2   0,0   0,0   1,2  12,1   16:41   WNW
17  11,8  16,5   14:06   6,5   06:42   6,5   0,0   0,0   1,2  10,1   14:15   WSW
18  13,2  15,5   16:05  11,1   00:14   5,0   0,0   6,3   3,5  21,4   09:01   SSW
19  12,1  14,4   10:36  10,4   07:07   5,8   0,0   3,0   3,8  23,4   11:03   SSW
20  11,4  15,1   15:57   8,8   23:59   6,9   0,0   0,6   1,4  10,9   14:09     E
21  11,3  16,5   12:21   7,8   05:04   7,0   0,0   0,9   0,9  16,7   14:13     N
22  11,4  16,1   11:33   6,7   06:38   6,9   0,0   0,0   2,1  19,5   14:13    NW
23  12,2  16,7   14:45   9,1   23:41   6,1   0,0   0,0   2,2  21,4   10:12    NW
24  12,1  17,2   11:31   7,7   01:48   6,2   0,0   0,0   1,8  16,0   13:41    NW
25  13,0  16,6   13:56   9,1   07:02   5,3   0,0   0,0   2,2  15,2   13:57   WSW
26  14,0  16,8   12:27  12,1   22:57   4,3   0,0   1,8   6,7  40,5   11:45   SSW
27  11,9  15,6   15:11   6,7   07:38   6,1   0,0   0,0   3,1  18,3   15:20   SSW
28  14,0  14,8   10:58  12,0   00:00   4,3   0,0   0,0   8,6  25,7   10:32   SSW
----------------------------------------------------------------------------------
    11,8  19,9    13     3,5    12   179,8   0,0  20,1   2,7  40,5    26       W

Max >=  27,0  0
Max <=   0,0  0
Min <=   0,0  0
Min <= -18,0  0
Max Rain: 6,3 on day 18
Days of Rain: 10 (>= 0,2 mm)  3 (>= 2,0 mm)  0 (>= 20,0 mm)
Heat Base: 18,3  Cool Base: 18,3  Method: Integration