NOAA style reports

NOAA-style Climate Reports

Selecione o Ano ou Mês do relatório
V/Λ2019 > Jan Fev Mar Abr Mai Jun Jul Ago Set Out Nov Dez
V/Λ2018 > Jan Fev Mar Abr Mai Jun Jul Ago Set Out Nov Dez
V/Λ2017 > Jan Fev Mar Abr Mai Jun Jul Ago Set Out Nov Dez
V/Λ2016 > Jan Fev Mar Abr Mai Jun Jul Ago Set Out Nov Dez
V/Λ2015 > Jan Fev Mar Abr Mai Jun Jul Ago Set Out Nov Dez

Report for 2016 Fev
                   Monthly Climatological Summary for Fev 2016

Name: Torres Vedras   City: Torres Vedras   State: Portugal
Elevation: 50 m  Lat: N 39 05 12   Lon: W 009 15 29

                  Temperature (°C), Rain (mm), Wind Speed (kts)

                                      Heat  Cool        Avg
    Mean                              Deg   Deg         Wind                 Dom
Day Temp  High   Time   Low    Time   Days  Days  Rain  Speed High   Time    Dir
----------------------------------------------------------------------------------
01  15,8  21,8   14:26  11,5   07:43   2,9   0,3   0,0   1,4  14,4   11:31   NNW
02  15,4  18,2   14:38  14,4   00:01   2,9   0,0   0,0   2,7  20,2   16:36   NNW
03  15,9  20,6   14:05  12,5   23:44   2,5   0,2   0,0   2,8  19,9   10:13     N
04  14,3  19,9   16:25  11,1   07:53   3,8   0,0   0,0   2,5  17,9   14:14     E
05  14,0  21,0   14:23  10,0   07:54   4,5   0,2   0,0   2,4  18,7   07:15   ESE
06  14,5  17,3   12:51  10,9   00:00   3,8   0,0   2,7   5,5  44,8   18:53   SSW
07  15,3  17,8   12:14  13,8   05:29   3,0   0,0   0,0   2,9  17,5   15:02   WSW
08  16,3  18,8   14:30  14,9   02:04   2,0   0,0   0,0   5,1  22,2   23:55   SSW
09  16,2  17,4   11:10  14,6   00:56   2,1   0,0   0,6   6,8  28,8   14:26    SW
10  -4,7 123,8   19:58 -79,6   14:55  23,0   0,1   4,2   5,8  23,7   10:20    SW
11 -40,0 -40,0   00:00 -40,0   00:00  58,3   0,0   1,2   3,9  19,9   08:37     W
12 -40,0 -40,0   00:00 -40,0   00:00  58,0   0,0   3,0   7,7  30,4   11:15    SW
13 -12,4  16,7   13:17 -40,0   00:00  30,7   0,0   4,2   6,7  30,0   16:40   WSW
14  12,9  16,0   00:03   8,9   21:40   5,4   0,0  19,7   6,7  39,7   13:53    NW
15  12,5  15,1   15:02 -40,0   10:15   5,8   0,0  21,9   5,3  34,6   15:39   NNW
16 -12,5  27,8   16:18 -40,0   09:43  29,8   0,0   0,0   1,2  15,6   17:03     N
17 -40,0 -40,0   00:00 -40,0   00:00  58,3   0,0   5,7   2,4  23,0   14:04   SSW
18 -39,9 123,8   21:51 -42,5   21:52  58,2   0,0   1,8   1,9  20,2   15:32   NNW
19 -40,2 -38,7   21:19-120,6   00:07  58,5   0,0   0,0   1,8  21,8   15:17     N
20   2,5  20,3   17:14   8,7   23:56   1,6   0,0   0,0   1,3  15,2   10:29   NNE
21  13,0  19,2   15:36   7,1   01:26   5,2   0,0   0,0   2,7  19,5   16:37   ESE
22  12,5  19,0   13:14   6,5   07:19   5,8   0,0   0,0   1,3  14,8   14:19   WNW
23  11,3  14,7   11:30   7,9   03:19   7,0   0,0   0,0   0,9  10,9   13:18   WNW
24  12,6  15,3   13:28  10,5   02:53   5,7   0,0   1,2   5,0  28,0   15:51    SW
25  12,6  15,1   14:46  10,6   08:30   5,7   0,0   0,3   2,3  12,8   01:08     W
26  10,5  12,6   06:46   6,5   21:27   7,7   0,0  17,7   6,1  46,3   08:42   WSW
27   7,4   9,3   14:55   5,5   06:32  10,8   0,0   8,4   3,3  37,4   06:22   NNW
28  11,1  14,1   13:51   8,8   00:00   7,1   0,0   0,3   4,3  32,3   16:15   NNW
29  10,8  15,2   14:35   7,1   06:27   7,5   0,0   0,0   2,3  21,0   15:33   NNW
----------------------------------------------------------------------------------
     1,3 123,8    10  -120,6    19   477,6   0,8  92,9   3,6  46,3    26       W

Max >=  27,0  3
Max <=   0,0  4
Min <=   0,0  9
Min <= -18,0  9
Max Rain: 21,9 on day 15
Days of Rain: 15 (>= 0,2 mm)  9 (>= 2,0 mm)  1 (>= 20,0 mm)
Heat Base: 18,3  Cool Base: 18,3  Method: Integration