NOAA style reports

NOAA-style Climate Reports

Selecione o Ano ou Mês do relatório
V/Λ2020 > Jan Fev Mar Abr Mai Jun Jul Ago Set Out Nov Dez
V/Λ2019 > Jan Fev Mar Abr Mai Jun Jul Ago Set Out Nov Dez
V/Λ2018 > Jan Fev Mar Abr Mai Jun Jul Ago Set Out Nov Dez
V/Λ2017 > Jan Fev Mar Abr Mai Jun Jul Ago Set Out Nov Dez
V/Λ2016 > Jan Fev Mar Abr Mai Jun Jul Ago Set Out Nov Dez
V/Λ2015 > Jan Fev Mar Abr Mai Jun Jul Ago Set Out Nov Dez

Report for 2016 Jan
                   Monthly Climatological Summary for Jan 2016

Name: Torres Vedras   City: Torres Vedras   State: Portugal
Elevation: 50 m  Lat: N 39 05 12   Lon: W 009 15 29

                  Temperature (°C), Rain (mm), Wind Speed (kts)

                                      Heat  Cool        Avg
    Mean                              Deg   Deg         Wind                 Dom
Day Temp  High   Time   Low    Time   Days  Days  Rain  Speed High   Time    Dir
----------------------------------------------------------------------------------
01  16,9  19,9   11:37  15,0   03:56   1,5   0,1   5,1   6,1  63,8   12:01   SSW
02  16,1  20,5   14:13  11,7   07:33   2,3   0,1   0,0   1,3   9,0   12:32     S
03   4,1  18,4   13:59 -40,0   18:29  14,1   0,0   0,0   7,5  31,9   19:45   SSW
04   4,0  19,2   13:19 -40,0   00:00  14,3   0,0   5,7   9,4  52,2   14:41   SSW
05  13,0  14,9   00:11 -40,0   17:46   5,3   0,0   3,9   3,5  32,3   11:19    NW
06  14,0  16,9   20:59 -40,0   07:45   4,3   0,0   0,3   7,3  38,9   14:07   SSW
07  16,9  17,9   15:16  16,1   00:49   1,4   0,0   0,0  11,2  41,3   01:21   SSW
08  16,6  18,4   11:34  14,2   23:47   1,7   0,0   1,2   8,6  39,3   12:26   SSW
09  15,7  17,7   14:48  13,1   06:01   2,6   0,0   2,4   8,6  47,9   10:15   SSW
10  17,3  18,4   21:32  14,7   00:00   1,0   0,0   9,1  18,8  56,8   21:35   SSW
11  15,2  17,9   11:56  12,5   23:58   3,1   0,0   4,5   3,2  17,1   02:53   WSW
12  13,6  20,3   14:54   9,8   23:52   4,8   0,1   0,0   0,5   9,3   11:48   WSW
13  13,8  19,1   14:16   9,7   00:06   4,5   0,0   0,0   2,4  16,0   14:19     S
14  15,8  17,6   10:55  13,2   00:00   2,5   0,0   2,1   4,2  26,5   11:10    SW
15  14,0  19,0   14:22   8,8   23:25   4,3   0,0   0,0   1,8  18,3   00:22    NW
16  11,3  17,0   13:40   7,3   07:59   6,5   0,0   0,0   2,2  16,0   13:42    SE
17  10,9  14,3   23:47   8,1   08:13   7,4   0,0   0,0   3,7  20,2   07:02    SE
18  14,9  18,7   09:55  11,2   05:31   3,4   0,0   0,0   1,1  14,0   14:50   WNW
19  14,7  18,0   14:23  12,7   07:49   3,6   0,0   4,5   3,9  28,0   21:13     S
20  16,1  19,6   13:10  13,3   05:12   2,2   0,0   0,3   2,7  14,8   13:28   SSW
21  16,3  17,3   12:06  15,1   22:18   2,0   0,0   4,8   3,0  16,0   02:59   SSE
22  17,7  19,9   12:01  15,5   08:54   1,0   0,4   0,0   1,6  15,6   08:54   SSE
23  19,4  22,0   14:40  16,0   08:26   0,5   1,6   0,0   2,0  14,4   11:06    SE
24  18,4  23,7   15:08  14,2   07:56   1,2   1,3   0,0   7,7  36,6   16:01   SSE
25  16,1  19,5   00:04  11,6   23:33   2,4   0,1  16,8   3,2  34,6   07:34   SSW
26  13,1  19,7   15:49   8,4   07:48   5,2   0,0   0,0   0,5   9,0   12:36   WNW
27  14,3  18,4   14:51  10,3   07:06   4,0   0,0   0,0   2,3  16,0   23:31     S
28  15,5  18,4   12:27  13,9   09:07   2,8   0,0   2,7   2,9  21,8   14:59    NW
29  14,4  19,3   15:03  11,0   08:02   3,9   0,0   0,0   1,7  14,4   13:52   NNW
30  13,4  17,7   11:11   9,3   07:08   4,9   0,0   0,0   0,8  12,1   13:04    NW
31  16,2  18,7   14:23  14,8   06:15   2,1   0,0   0,0   1,3  12,1   09:46   NNW
----------------------------------------------------------------------------------
    14,5  23,7    24   -40,0     3   120,8   3,7  63,4   4,3  63,8     1     SSW

Max >=  27,0  0
Max <=   0,0  0
Min <=   0,0  4
Min <= -18,0  4
Max Rain: 16,8 on day 25
Days of Rain: 14 (>= 0,2 mm)  11 (>= 2,0 mm)  0 (>= 20,0 mm)
Heat Base: 18,3  Cool Base: 18,3  Method: Integration