NOAA style reports

NOAA-style Climate Reports

Selecione o Ano ou Mês do relatório
V/Λ2020 > Jan Fev Mar Abr Mai Jun Jul Ago Set Out Nov Dez
V/Λ2019 > Jan Fev Mar Abr Mai Jun Jul Ago Set Out Nov Dez
V/Λ2018 > Jan Fev Mar Abr Mai Jun Jul Ago Set Out Nov Dez
V/Λ2017 > Jan Fev Mar Abr Mai Jun Jul Ago Set Out Nov Dez
V/Λ2016 > Jan Fev Mar Abr Mai Jun Jul Ago Set Out Nov Dez
V/Λ2015 > Jan Fev Mar Abr Mai Jun Jul Ago Set Out Nov Dez

Report for 2016
                   Annual Climatological Summary for 2016

Name: Torres Vedras   City: Torres Vedras   State: Portugal
Elevation: 50 m  Lat: N 39 05 12   Lon: W 009 15 29

                  Temperature (°C), Heat Base: 18,3  Cool Base: 18,3
                          Dep.  Heat  Cool                       Max  Max  Min  Min
        Mean  Mean        From  Deg   Deg                        >=   <=   <=   <=
 YR MO  Max   Min   Mean  Norm  Days  Days  Hi  Date  Low  Date 27,0 15,0 10,0   5,0
------------------------------------------------------------------------------------
 16  1  18,7   5,5  14,5   3,4   121     4  23,7  24 -40,0    3    0    2   11    4
 16  2  17,0  -9,7   1,3 -10,4   478     1 123,8  10-120,6   19    3    8   19    9
 16  3  15,9   8,2  11,8  -1,3   180     0  19,9  13   3,5   12    0    7   20    4
 16  4  17,6  11,7  14,3  -0,5   116     2  22,6  18   7,2   11    0    3    3    0
 16  5  20,3  12,6  16,1  -0,2    88    19  31,7   3   8,8    2    2    2    3    0
 16  6  24,5  15,6  19,4   0,9    23    56  31,5  27  12,3   17    8    0    0    0
 16  7  27,4  16,6  21,0   1,1    13    97  36,5  24  13,0   14   13    0    0    0
 16  8  28,1  17,3  21,7   1,6     8   113  38,3   7  14,5   22   15    0    0    0
 16  9  25,8  15,9  20,2   0,9    21    73  34,9   5  11,2   22   10    0    0    0
 16 10  23,3  14,5  18,1   0,6    46    39  30,2  28   9,9    4    6    0    1    0
 16 11  18,4   9,9  13,8  -0,4   143     7  23,2   1   3,2   23    0    4   17    1
 16 12  17,0   8,3  12,1   0,5   187     1  21,7   5   1,4   20    0    5   21    3
------------------------------------------------------------------------------------
        21,2  10,5  15,4  -0,3  1421   411 123,8 Fev-120,6  Fev   57   31   95   21

                                Precipitation (mm)

              Dep.   Max        Days of Rain
              From   Obs.           >=
 YR MO Total  Norm   Day Date  0,2  2,0 20,0
---------------------------------------------
 16  1  63,4 -38,6  16,8  25    14   11    0
 16  2  92,9   2,9  21,9  15    15    9    1
 16  3  20,1 -51,9   6,3  18    10    3    0
 16  4  54,9  -0,1  12,6   4    13    9    0
 16  5  66,6  21,6  15,3   7    12    9    0
 16  6   4,8 -14,2   4,8  15     1    1    0
 16  7   0,0  -4,0   0,0   0     0    0    0
 16  8   0,6  -4,4   0,6  19     1    0    0
 16  9   8,1 -15,9   7,5  13     2    1    0
 16 10  25,5 -40,5   6,9  25     8    5    0
 16 11  48,3 -64,7  12,3  20    15    7    0
 16 12  60,9 -36,1  20,4  16     6    5    1
---------------------------------------------
       446,1-245,9  21,9  Fev   97   60    2

                                Wind Speed (kts)
                          Dom
 YR MO   Avg.  Hi   Date  Dir
------------------------------
 16  1   4,3  63,8    1   SSW
 16  2   3,6  46,3   26     W
 16  3   2,7  40,5   26     W
 16  4   4,7  46,3   16   SSW
 16  5   3,8  44,0    8    SW
 16  6   2,5  28,8   10    NW
 16  7   2,4  28,4   12    NW
 16  8   2,3  26,9   13    NW
 16  9   2,1  30,4   13    NW
 16 10   2,3  39,3   22     S
 16 11   2,2  40,9   25     S
 16 12   2,1  38,5   15    SE
------------------------------
         2,9  63,8  Jan   WSW