NOAA style reports

NOAA-style Climate Reports

Selecione o Ano ou Mês do relatório
V/Λ2019 > Jan Fev Mar Abr Mai Jun Jul Ago Set Out Nov Dez
V/Λ2018 > Jan Fev Mar Abr Mai Jun Jul Ago Set Out Nov Dez
V/Λ2017 > Jan Fev Mar Abr Mai Jun Jul Ago Set Out Nov Dez
V/Λ2016 > Jan Fev Mar Abr Mai Jun Jul Ago Set Out Nov Dez
V/Λ2015 > Jan Fev Mar Abr Mai Jun Jul Ago Set Out Nov Dez

Report for 2015 Dez
                   Monthly Climatological Summary for Dez 2015

Name: Torres Vedras   City: Torres Vedras   State: Portugal
Elevation: 50 m  Lat: N 39 05 12   Lon: W 009 15 29

                  Temperature (°C), Rain (mm), Wind Speed (kts)

                                      Heat  Cool        Avg
    Mean                              Deg   Deg         Wind                 Dom
Day Temp  High   Time   Low    Time   Days  Days  Rain  Speed High   Time    Dir
----------------------------------------------------------------------------------
01  14,5  17,8   13:39  11,1   07:46   3,8   0,0   0,0   2,5  15,6   09:50   SSE
02  16,6  21,0   15:54  14,1   04:24   2,0   0,3   0,0   2,4  13,2   12:11    SE
03  16,6  24,4   14:50  12,2   23:42   2,7   1,0   0,0   2,4  17,9   08:08   SSE
04  16,2  23,3   14:30  11,9   00:35   2,7   0,6   0,0   0,7   9,0   12:30     E
05  15,8  24,4   14:36  11,3   23:43   3,3   0,8   0,0   1,1  14,8   09:30   SSE
06  14,3  19,9   14:03   9,0   05:31   4,1   0,1   0,0   1,5  10,1   13:10    SE
07  16,5  18,6   14:23  14,3   02:18   1,8   0,0   0,0   3,7  16,0   20:08   ESE
08  16,3  21,9   15:36  13,3   23:55   2,1   0,4   0,0   2,3  16,7   09:28   ESE
09  15,2  19,7   13:55  10,2   05:01   3,2   0,1   0,0   1,2  11,3   12:01   ENE
10  17,2  21,3   16:04  14,1   23:41   1,4   0,3   0,0   1,4  11,7   11:05     E
11  14,9  17,7   14:51  12,2   01:57   3,4   0,0   0,0   1,8  19,5   10:42   ESE
12  16,0  23,6   12:32  12,9   08:21   2,4   0,2   0,0   2,9  18,3   14:04    SE
13  16,5  19,8   14:08  13,5   07:24   1,9   0,1   6,0   7,7  37,0   21:11   SSE
14  18,8  20,5   12:05  16,4   09:45   0,3   0,8   5,1   9,4  41,7   01:50     S
15  20,4  23,0   13:49  18,9   06:49   0,0   2,1   0,0   8,6  33,1   02:43     S
16  17,0  20,9   12:57  13,8   07:37   1,7   0,4   0,0   5,3  20,6   11:38    SE
17  17,8  21,5   12:04  13,0   07:39   1,5   1,0   0,0   5,2  28,0   13:25   SSE
18  19,1  22,1   15:02  16,5   08:04   0,2   1,0   0,0   4,7  18,7   23:30   SSE
19  18,2  21,4   13:49  14,1   07:59   0,8   0,7   3,6   8,5  36,2   14:29   SSE
20  16,1  20,3   14:01  10,2   23:53   2,4   0,2   0,3   1,3  11,7   12:58    SW
21  12,7  19,0   13:52   8,3   05:25   5,6   0,0   0,0   1,4  10,9   11:53    SE
22   9,8  13,7   15:14   7,9   04:02   8,5   0,0   0,0   3,0  15,6   08:58    SE
23  11,8  16,7   12:52   8,7   01:05   6,5   0,0   0,0   2,7  15,2   22:03   SSE
24  13,4  16,5   12:59  11,0   00:25   4,9   0,0   0,3   4,2  16,4   19:27    SE
25  14,5  19,0   14:38  11,4   06:47   3,8   0,0   0,0   3,7  20,6   08:29    SE
26  14,5  19,3   14:22  10,9   07:12   3,8   0,0   0,0   4,8  24,1   17:32   ESE
27  15,3  19,4   14:49  10,5   07:54   3,1   0,1   8,4   6,7  56,8   23:09    SE
28  17,8  20,7   13:48  13,6   23:56   0,8   0,3   9,6   8,6  40,1   14:38     S
29  15,8  20,5   14:30  10,7   07:20   2,8   0,3   0,0   2,4  14,8   15:43     S
30  18,0  20,8   14:08  16,0   21:35   0,7   0,4   1,2   6,7  41,3   15:18     S
31  16,4  19,8   13:57  14,3   07:43   1,9   0,1   0,3   1,0   8,2   23:39   SSE
----------------------------------------------------------------------------------
    15,9  24,4     3     7,9    22    84,1  11,3  34,8   3,9  56,8    27     SSE

Max >=  27,0  0
Max <=   0,0  0
Min <=   0,0  0
Min <= -18,0  0
Max Rain: 9,6 on day 28
Days of Rain: 9 (>= 0,2 mm)  5 (>= 2,0 mm)  0 (>= 20,0 mm)
Heat Base: 18,3  Cool Base: 18,3  Method: Integration