NOAA style reports

NOAA-style Climate Reports

Selecione o Ano ou Mês do relatório
V/Λ2019 > Jan Fev Mar Abr Mai Jun Jul Ago Set Out Nov Dez
V/Λ2018 > Jan Fev Mar Abr Mai Jun Jul Ago Set Out Nov Dez
V/Λ2017 > Jan Fev Mar Abr Mai Jun Jul Ago Set Out Nov Dez
V/Λ2016 > Jan Fev Mar Abr Mai Jun Jul Ago Set Out Nov Dez
V/Λ2015 > Jan Fev Mar Abr Mai Jun Jul Ago Set Out Nov Dez

Report for 2015 Nov
                   Monthly Climatological Summary for Nov 2015

Name: Torres Vedras   City: Torres Vedras   State: Portugal
Elevation: 50 m  Lat: N 39 05 12   Lon: W 009 15 29

                  Temperature (°C), Rain (mm), Wind Speed (kts)

                                      Heat  Cool        Avg
    Mean                              Deg   Deg         Wind                 Dom
Day Temp  High   Time   Low    Time   Days  Days  Rain  Speed High   Time    Dir
----------------------------------------------------------------------------------
01  16,3  18,4   13:31  14,0   00:50   2,0   0,0   4,2   0,7  12,1   20:23   SSE
02  17,6  19,6   12:55  16,2   22:33   0,9   0,2   0,0   2,5  14,8   03:52   SSE
03  19,4  22,1   14:14  16,4   00:22   0,2   1,2   0,6   4,6  24,1   13:06   SSW
04  19,6  23,2   13:57  17,9   08:30   0,0   1,3   0,9   5,5  27,3   06:39   SSW
05  21,1  23,4   16:29  19,3   00:48   0,0   2,8   0,0   3,1  16,0   14:31   SSW
06  22,5  30,7   12:08  18,2   23:45   0,0   4,2   0,0   0,7  10,5   12:30     S
07  22,6  32,7   14:42  15,5   07:14   0,5   4,8   0,0   0,7  10,5   11:02    SE
08  21,6  29,5   14:24  17,5   07:42   0,0   3,4   0,0   1,7  13,2   14:49     S
09  21,9  33,6   13:59  14,4   06:59   0,8   4,5   0,0   0,5   8,6   13:04   SSE
10  20,4  31,1   13:44  15,2   05:17   0,9   3,0   0,0   1,0  13,6   09:42   SSW
11  20,3  31,9   14:04  13,5   06:58   1,6   3,5   0,0   0,4   5,5   10:22   SSW
12  19,1  29,8   13:28  11,5   06:26   1,9   2,7   0,0   0,4   8,6   14:46    SW
13  18,9  26,0   14:02  14,4   04:34   1,0   1,7   0,0   0,5   9,3   14:45     S
14  18,4  28,0   13:52  12,7   03:20   2,0   2,2   0,0   1,0  10,9   11:26   SSE
15  17,8  27,1   13:28  13,6   00:58   1,8   1,4   0,0   1,0  13,2   09:21   SSW
16  16,2  23,6   11:45  12,5   23:55   2,9   0,8   0,0   0,4   9,7   13:16   SSW
17  16,3  25,1   13:15   9,2   07:11   3,5   1,5   0,0   0,4   7,8   14:05     S
18  16,7  24,9   14:02  10,7   07:00   2,8   1,3   0,0   0,4   7,0   16:09     S
19  17,1  26,7   13:47  11,4   06:46   2,6   1,4   0,0   0,4   9,0   14:51   SSW
20  17,5  25,3   14:00  11,9   03:11   2,1   1,3   0,0   0,4   5,8   10:57   SSW
21  16,5  20,0   12:40  12,8   23:18   1,9   0,1   0,6   2,6  23,4   06:52   SSW
22  13,0  17,0   12:51  10,1   07:29   5,3   0,0   4,8   0,8  14,8   14:55   SSW
23  12,8  20,5   13:45   7,0   23:58   5,7   0,2   0,3   0,4   7,0   12:37     S
24  11,9  19,1   13:39   4,2   07:55   6,5   0,0   0,0   0,6  10,9   14:53     S
25  15,6  20,8   12:23  11,3   06:02   2,9   0,2   0,0   1,4  14,4   16:53     S
26  17,1  21,3   13:18  14,4   05:32   1,5   0,4   0,0   1,9  14,8   10:22     S
27  17,5  21,7   12:39  15,8   00:43   1,1   0,4   0,0   1,7  11,7   12:20     S
28  16,0  21,0   13:38  11,2   23:40   2,6   0,3   0,0   1,3  12,5   15:51     S
29  12,1  21,3   16:33   8,5   05:23   4,7   0,1   0,0   0,5  11,3   08:17   SSE
30  13,9  21,5   14:44   9,1   01:54   4,7   0,3   0,0   1,6  17,1   07:23   SSE
----------------------------------------------------------------------------------
    17,6  33,6     9     4,2    24    64,4  45,2  11,4   1,3  27,3     4       S

Max >=  27,0  9
Max <=   0,0  0
Min <=   0,0  0
Min <= -18,0  0
Max Rain: 4,8 on day 22
Days of Rain: 6 (>= 0,2 mm)  2 (>= 2,0 mm)  0 (>= 20,0 mm)
Heat Base: 18,3  Cool Base: 18,3  Method: Integration