NOAA style reports

NOAA-style Climate Reports

Selecione o Ano ou Mês do relatório
V/Λ2019 > Jan Fev Mar Abr Mai Jun Jul Ago Set Out Nov Dez
V/Λ2018 > Jan Fev Mar Abr Mai Jun Jul Ago Set Out Nov Dez
V/Λ2017 > Jan Fev Mar Abr Mai Jun Jul Ago Set Out Nov Dez
V/Λ2016 > Jan Fev Mar Abr Mai Jun Jul Ago Set Out Nov Dez
V/Λ2015 > Jan Fev Mar Abr Mai Jun Jul Ago Set Out Nov Dez

Report for 2015 Out
                   Monthly Climatological Summary for Out 2015

Name: Torres Vedras   City: Torres Vedras   State: Portugal
Elevation: 50 m  Lat: N 39 05 12   Lon: W 009 15 29

                  Temperature (°C), Rain (mm), Wind Speed (kts)

                                      Heat  Cool        Avg
    Mean                              Deg   Deg         Wind                 Dom
Day Temp  High   Time   Low    Time   Days  Days  Rain  Speed High   Time    Dir
----------------------------------------------------------------------------------
03  23,8  26,2   13:22  22,2   22:27   0,0   2,5   0,0  ----  15,2   21:48   SSW
04  24,1  27,1   15:27  22,5   03:18   0,0   5,8   0,0  ----  38,5   18:55   SSW
05  23,1  25,3   14:24  21,1   23:00   0,0   4,8   0,6  ----   0,0   00:00     N
06  21,7  25,5   16:35  19,0   08:24   0,0   3,4   0,6  ----  11,7   08:16   WSW
07  20,8  27,1   12:32  16,5   07:53   0,2   2,7   0,0  ----  11,3   14:29   SSW
08  19,9  28,1   14:39  13,7   07:19   1,0   2,6   0,0  ----  13,6   13:34   WSW
09  19,3  27,7   14:22  12,9   08:13   1,5   2,5   0,0  ----  21,4   16:49   SSW
10  19,8  22,7   17:09  18,1   07:19   0,0   1,1   0,9  ----  23,0   02:59     S
11  20,5  27,7   16:46  18,6   02:57   0,0   1,7   0,0  ----  29,6   23:10    SW
12  21,7  27,1   16:45  19,3   05:13   0,0   3,4   5,1  ----  26,5   04:55    SW
13  23,7  33,4   16:13  19,7   23:54   0,0   5,4   0,3  ----  13,2   11:34     E
14  22,3  33,8   14:27  16,9   06:03   0,1   3,9   0,0   1,1  15,2   09:35   SSE
15  22,1  32,6   13:13  16,4   02:51   0,3   4,0   0,0   1,0  10,1   14:24   SSW
16  22,2  28,0   12:32  17,0   07:20   0,1   3,9   0,0   1,8  16,4   14:05     S
17  21,0  22,7   10:25  19,5   06:39   0,0   2,7  47,1   7,9  70,1   12:22     S
18  19,9  23,3   11:29  17,2   23:05   0,1   1,3   8,7   3,6  19,5   11:23     S
19  19,2  24,3   16:08  15,7   08:08   0,7   1,6   0,3   1,2  10,9   22:38   ESE
20  24,6  32,8   15:28  19,5   01:51   0,0   6,3   0,0   1,5  17,5   14:52   ESE
21  21,9  32,0   15:37  15,3   08:14   0,2   3,9   0,0   1,6  16,7   03:39    SE
22  20,9  33,0   15:15  13,9   04:39   1,0   3,6   0,0   1,5  22,2   17:17     S
23  19,8  28,9   14:19  14,5   03:46   0,9   2,2   0,0   0,8   9,7   08:47    SW
24  19,8  21,0   11:08  18,7   06:39   0,0   1,3   0,0   0,7   9,3   12:57   SSE
25  19,1  24,8   14:31  16,8   07:51   0,2   1,0   4,5   1,6  14,8   21:12   SSE
26  18,9  22,8   13:36  14,3   23:46   0,6   1,2  10,2   4,3  30,8   11:52   SSW
27  17,4  21,7   13:42  14,4   00:21   1,3   0,4   3,3   4,0  22,2   15:23    SW
28  19,0  22,5   13:52  16,3   00:53   0,3   1,0   2,4   5,0  27,6   15:56   SSW
29  20,4  23,8   14:23  17,9   00:05   0,0   2,1   0,3   4,7  22,6   14:35   SSW
30  20,1  23,0   15:26  18,6   07:30   0,0   1,8   0,0   5,6  29,6   22:55     S
31  17,6  21,3   12:50  14,4   23:39   1,1   0,4   1,8   4,4  45,2   02:54   SSW
----------------------------------------------------------------------------------
    20,8  33,8    14    12,9     9     9,6  78,5  86,1   2,9  70,1    17       S

Max >=  27,0 14
Max <=   0,0  0
Min <=   0,0  0
Min <= -18,0  0
Max Rain: 47,1 on day 17
Days of Rain: 14 (>= 0,2 mm)  7 (>= 2,0 mm)  1 (>= 20,0 mm)
Heat Base: 18,3  Cool Base: 18,3  Method: Integration