NOAA style reports

NOAA-style Climate Reports

Selecione o Ano ou Mês do relatório
V/Λ2019 > Jan Fev Mar Abr Mai Jun Jul Ago Set Out Nov Dez
V/Λ2018 > Jan Fev Mar Abr Mai Jun Jul Ago Set Out Nov Dez
V/Λ2017 > Jan Fev Mar Abr Mai Jun Jul Ago Set Out Nov Dez
V/Λ2016 > Jan Fev Mar Abr Mai Jun Jul Ago Set Out Nov Dez
V/Λ2015 > Jan Fev Mar Abr Mai Jun Jul Ago Set Out Nov Dez

Report for 2015 Ago
                   Monthly Climatological Summary for Ago 2015

Name: Torres Vedras   City: Torres Vedras   State: Portugal
Elevation: 50 m  Lat: N 39 05 12   Lon: W 009 15 29

                  Temperature (°C), Rain (mm), Wind Speed (kts)

                                      Heat  Cool        Avg
    Mean                              Deg   Deg         Wind                 Dom
Day Temp  High   Time   Low    Time   Days  Days  Rain  Speed High   Time    Dir
----------------------------------------------------------------------------------
01  21,1  24,9   17:20  19,4   20:34   0,0   2,8   0,0   4,9  15,2   20:23     N
02   6,2  25,4   17:01 -17,8   00:01  14,2   2,1   0,0   2,9  13,2   20:24   NNE
03  21,4  27,0   17:16  19,1   05:00   0,0   3,1   0,0   5,3  12,8   12:13   NNE
04  21,4  25,0   15:53  18,6   21:39   0,0   3,1   0,0   4,5  13,6   09:52   NNE
05  21,0  25,6   18:10  18,7   05:00   0,0   2,7   0,0   3,0  10,9   19:53   NNE
06  21,9  26,2   17:39  19,7   08:58   0,0   3,6   0,0   3,3  13,2   19:49   NNE
07  18,1  22,4   14:05 -17,8   22:40   2,0   1,8   0,0   9,4  32,3   15:58   NNE
08   4,1  21,1   15:20 -17,8   00:00  14,8   0,7   0,0   6,3  26,1   16:01   NNE
09  20,8  25,9   18:04  18,1   09:05   0,0   2,5   0,0   4,4  10,1   00:00   NNE
10  20,0  23,1   15:00  18,1   10:13   0,0   1,7   0,0   3,6  11,3   16:05     N
11  21,1  25,6   15:08  19,8   05:00   0,0   2,8   0,0   2,4   7,4   14:55   NNE
12  21,5  25,7   15:28  18,5   07:31   0,0   3,2   0,0   2,0   9,7   12:35   NNE
13  20,7  24,2   13:35  18,8   08:52   0,0   2,4   0,0   4,2  21,4   18:31     N
14  20,2  23,8   13:21  18,7   08:52   0,0   1,9   0,0   6,0  17,1   00:00   NNE
15  21,5  25,3   14:30  19,1   08:42   0,0   3,2   0,0   1,9   9,0   15:23     W
16  21,8  25,6   14:00  19,8   23:23   0,0   3,5   0,3   1,8  10,9   20:03    NW
17  21,3  25,5   14:23  19,4   05:46   0,0   3,0   0,0   4,2  17,9   22:16   NNE
18  20,4  23,3   13:59  19,3   11:15   0,0   2,1   0,0   8,9  23,0   13:01    NE
19  19,9  19,9   00:00  19,9   00:00   0,0   0,3   0,0   8,6  12,5   00:00    NE
20  13,3  25,1   15:38 -17,8   05:02   6,2   2,2   0,0   2,9  15,6   19:37     N
21  12,7  23,8   15:53 -17,8   05:02   7,5   2,0   0,0   4,5  16,7   18:31   NNE
22  15,6  27,1   15:18 -17,8   05:02   5,7   3,0   0,3   2,5  11,3   00:00     N
23  21,0  25,8   14:04  17,0   05:09   0,2   2,9   0,6   3,9  21,0   16:16    SW
24  15,0  25,2   15:01 -17,8   05:02   6,3   3,0   0,0   1,5   7,8   16:30    NW
25  15,0  25,2   16:34 -17,8   05:02   6,7   3,4   0,0   2,3   9,0   19:14     N
26  16,9  27,1   14:25 -17,8   05:02   6,2   4,8   0,0   2,6  10,9   16:25     W
27  17,9  28,2   15:03 -17,8   05:02   6,1   5,7   0,0   2,5  12,5   15:07   SSW
28  19,9  28,4   13:52 -17,8   05:02   4,2   5,9   0,0   1,7   9,3   19:40   NNW
29  13,7  26,4   16:02 -17,8   05:02   8,4   3,8   0,0   3,6  17,9   17:22   NNE
30  19,5  30,2   14:58 -17,8   05:02   4,3   5,5   0,0   2,8  15,6   13:59   WSW
----------------------------------------------------------------------------------
    18,2  30,2    30   -17,8     2    92,8  88,7   1,2   3,8  32,3     7     NNE

Max >=  27,0  6
Max <=   0,0  0
Min <=   0,0 13
Min <= -18,0  0
Max Rain: 0,6 on day 23
Days of Rain: 3 (>= 0,2 mm)  0 (>= 2,0 mm)  0 (>= 20,0 mm)
Heat Base: 18,3  Cool Base: 18,3  Method: Integration