NOAA style reports

NOAA-style Climate Reports

Selecione o Ano ou Mês do relatório
V/Λ2019 > Jan Fev Mar Abr Mai Jun Jul Ago Set Out Nov Dez
V/Λ2018 > Jan Fev Mar Abr Mai Jun Jul Ago Set Out Nov Dez
V/Λ2017 > Jan Fev Mar Abr Mai Jun Jul Ago Set Out Nov Dez
V/Λ2016 > Jan Fev Mar Abr Mai Jun Jul Ago Set Out Nov Dez
V/Λ2015 > Jan Fev Mar Abr Mai Jun Jul Ago Set Out Nov Dez

Report for 2015 Jul
                   Monthly Climatological Summary for Jul 2015

Name: Torres Vedras   City: Torres Vedras   State: Portugal
Elevation: 50 m  Lat: N 39 05 12   Lon: W 009 15 29

                  Temperature (°C), Rain (mm), Wind Speed (kts)

                                      Heat  Cool        Avg
    Mean                              Deg   Deg         Wind                 Dom
Day Temp  High   Time   Low    Time   Days  Days  Rain  Speed High   Time    Dir
----------------------------------------------------------------------------------
01  20,2  25,1   12:10  17,2   02:42   0,1   2,0   0,3   2,5  15,6   13:40   WSW
02  20,0  26,3   16:01  14,0   06:33   0,9   2,6   0,0   1,8  14,4   12:38    NW
03  20,1  26,2   14:40  13,7   05:58   0,9   2,7   0,0   2,0  18,7   16:00     W
04  22,8  28,8   12:21  18,8   01:09   0,0   4,5   0,0   1,8  16,7   18:13    NW
05  21,4  26,8   14:17  17,7   06:09   0,0   3,2   0,6   3,0  19,1   10:40   NNW
06  21,4  29,2   12:58  15,0   06:50   0,6   3,8   0,0   2,2  16,0   13:50    NW
07  22,0  28,3   14:17  16,6   04:15   0,2   3,9   0,0   2,8  18,3   15:17   NNW
08  21,7  28,0   15:53  18,5   23:43   0,0   3,4   0,0   2,8  17,5   07:47   NNW
09  20,3  25,0   13:40  16,7   04:39   0,2   2,3   0,0   2,7  15,2   16:30     W
10  21,0  26,4   15:30  18,8   23:40   0,0   2,7   1,2   3,3  19,9   19:00    NW
11  21,9  27,5   14:28  17,7   02:56   0,0   3,6   0,3   3,1  21,4   15:16   NNW
12  20,7  26,1   15:15  18,4   05:46   0,0   2,4   0,3   3,0  18,3   05:56   NNW
15  20,1  26,4   14:31  18,3   00:13   0,0   1,1   0,0  ----  13,6   13:49    NW
16  18,1  19,3   19:56  17,6   23:38   0,0   0,0   0,0   4,9  13,2   19:53   NNE
17  18,1  19,4   00:39  16,6   05:56   0,4   0,2   0,0   3,9  15,6   00:38   NNE
18  20,7  24,9   15:57  17,6   00:08   0,1   2,5   0,0   1,5   9,0   00:24   WNW
19  21,8  25,9   14:50  18,4   03:28   0,0   3,4   0,0   1,7   8,6   13:03   WNW
20  20,8  24,7   13:55  19,0   07:05   0,0   2,5   0,0   3,6  14,0   15:19   NNE
21  21,1  25,9   15:50  18,9   23:49   0,0   2,8   0,0   3,6  14,8   20:43   NNE
22  20,4  25,9   15:50  17,5   23:37   0,1   4,3   0,0   6,2  22,2   12:19   NNE
23  20,2  25,9   15:50  16,7   07:18   0,5   6,1   0,0   4,0  22,2   12:19   NNE
24  20,2  25,9   15:50  16,7   07:18   0,5   8,1   0,0   3,0  22,2   12:19   NNE
25  18,7  22,7   15:19  16,4   07:10   0,6   1,0   0,0   7,8  22,6   12:19   NNE
26  19,7  24,0   15:03  16,8   08:15   0,2   1,6   0,0   5,1  22,2   11:18   NNE
27  20,6  24,8   14:26  18,3   23:33   0,0   2,3   0,0   6,0  23,0   17:58   NNE
28  19,1  23,8   16:40  16,7   06:49   0,2   1,0   0,0   8,7  24,9   12:23   NNE
29  21,8  25,2   14:41  17,4   00:22   0,0   3,5   0,0   2,1  10,1   13:30     N
30  23,2  27,6   15:33  20,8   06:42   0,0   4,9   0,0   1,9   9,0   13:22   WSW
31  22,1  25,1   12:43  20,1   19:43   0,0   3,8   0,0   3,0  14,4   16:37    NW
----------------------------------------------------------------------------------
    20,7  29,2     6    13,7     3     5,5  86,2   2,7   3,4  24,9    28       N

Max >=  27,0  6
Max <=   0,0  0
Min <=   0,0  0
Min <= -18,0  0
Max Rain: 1,2 on day 10
Days of Rain: 5 (>= 0,2 mm)  0 (>= 2,0 mm)  0 (>= 20,0 mm)
Heat Base: 18,3  Cool Base: 18,3  Method: Integration