NOAA style reports

NOAA-style Climate Reports

Selecione o Ano ou Mês do relatório
V/Λ2019 > Jan Fev Mar Abr Mai Jun Jul Ago Set Out Nov Dez
V/Λ2018 > Jan Fev Mar Abr Mai Jun Jul Ago Set Out Nov Dez
V/Λ2017 > Jan Fev Mar Abr Mai Jun Jul Ago Set Out Nov Dez
V/Λ2016 > Jan Fev Mar Abr Mai Jun Jul Ago Set Out Nov Dez
V/Λ2015 > Jan Fev Mar Abr Mai Jun Jul Ago Set Out Nov Dez

Report for 2015 Jun
                   Monthly Climatological Summary for Jun 2015

Name: Torres Vedras   City: Torres Vedras   State: Portugal
Elevation: 50 m  Lat: N 39 05 12   Lon: W 009 15 29

                  Temperature (°C), Rain (mm), Wind Speed (kts)

                                      Heat  Cool        Avg
    Mean                              Deg   Deg         Wind                 Dom
Day Temp  High   Time   Low    Time   Days  Days  Rain  Speed High   Time    Dir
----------------------------------------------------------------------------------
13  16,6  17,9   19:01  15,8   23:56   0,3   0,0   0,0   0,0   0,0   00:00     N
14  16,2  20,0   18:54  14,3   00:42   1,9   0,1   0,0   0,0   0,0   00:00     N
15  17,7  22,6   11:41  11,8   06:52   1,9   1,4   0,0   0,0   0,0   00:00     N
16  20,7  26,9   16:19  16,9   04:50   0,4   2,6   0,0   0,0  16,0   19:06   NNW
17  22,8  31,6   16:44  16,7   05:04   0,5   5,0   0,0   0,0   0,0   00:00     N
18  24,9  34,3   13:54  16,1   06:28   0,3   6,9   0,0   0,0   0,0   00:00     N
19  25,8  36,2   13:02  17,1   06:08   0,1   7,5   0,0   0,0   0,0   00:00     N
20  25,7  36,7   13:16  17,8   06:31   0,0   7,3   0,0   0,0   0,0   00:00     N
21  21,9  29,2   11:44  18,2   06:31   0,0   3,6   0,0   0,0   0,0   00:00     N
22  19,8  24,8   14:25  17,7   06:47   0,1   1,6   0,0   0,0   0,0   00:00     N
23  21,1  26,1   17:14  18,0   23:39   0,0   2,8   0,0   0,0   0,0   00:00     N
24  20,7  25,7   15:34  14,4   06:03   0,6   3,0   0,6   0,1   7,4   22:02    NW
25  20,3  26,1   14:31  14,2   04:22   0,8   2,7   0,0   1,9  12,8   15:41   WNW
26  21,4  29,3   17:16  16,0   03:48   0,5   3,4   0,0   1,9  14,4   13:10   NNW
27  23,3  34,0   15:56  15,7   04:39   0,6   5,6   0,0   2,2  17,5   18:48   NNW
28  22,7  30,8   14:15  16,8   06:07   0,1   4,5   0,0   2,2  16,4   15:09   NNW
29  21,5  28,5   15:38  17,6   06:50   0,0   3,3   0,0   2,0  10,9   13:45   WNW
30  20,6  26,4   15:17  17,1   06:59   0,1   2,4   0,0   2,1  12,8   12:59   WNW
----------------------------------------------------------------------------------
    21,3  36,7    20    11,8    15     8,2  63,7   0,6   0,7  17,5    27      NW

Max >=  27,0  9
Max <=   0,0  0
Min <=   0,0  0
Min <= -18,0  0
Max Rain: 0,6 on day 24
Days of Rain: 1 (>= 0,2 mm)  0 (>= 2,0 mm)  0 (>= 20,0 mm)
Heat Base: 18,3  Cool Base: 18,3  Method: Integration