NOAA style reports

NOAA-style Climate Reports

Selecione o Ano ou Mês do relatório
V/Λ2020 > Jan Fev Mar Abr Mai Jun Jul Ago Set Out Nov Dez
V/Λ2019 > Jan Fev Mar Abr Mai Jun Jul Ago Set Out Nov Dez
V/Λ2018 > Jan Fev Mar Abr Mai Jun Jul Ago Set Out Nov Dez
V/Λ2017 > Jan Fev Mar Abr Mai Jun Jul Ago Set Out Nov Dez
V/Λ2016 > Jan Fev Mar Abr Mai Jun Jul Ago Set Out Nov Dez
V/Λ2015 > Jan Fev Mar Abr Mai Jun Jul Ago Set Out Nov Dez

Report for 2020 Fev
                   Monthly Climatological Summary for Fev 2020

Name: Meteo Torres Vedras   City: Torres Vedras   State: Torres Vedras - Portugal
Elevation: 50 ft  Lat: N 39 05 12   Lon: W 009 15 29

                  Temperature (°C), Rain (mm), Wind Speed (km/h)

                                      Heat  Cool        Avg
    Mean                              Deg   Deg         Wind                 Dom
Day Temp  High   Time   Low    Time   Days  Days  Rain  Speed High   Time    Dir
----------------------------------------------------------------------------------
01   0,0   0,0   00:00   0,0   00:00   0,0   0,0   0,0  ----   0,0   00:00     N
02   0,0   0,0   00:00   0,0   00:00   0,0   0,0   0,0  ----   0,0   00:00     N
03   0,0   0,0   00:00   0,0   00:00   0,0   0,0   0,0  ----   0,0   00:00     N
04   0,0   0,0   00:00   0,0   00:00   0,0   0,0   0,0  ----   0,0   00:00     N
05   0,0   0,0   00:00   0,0   00:00   0,0   0,0   0,0  ----   0,0   00:00     N
06   0,0   0,0   00:00   0,0   00:00   0,0   0,0   0,0  ----   0,0   00:00     N
07   0,0   0,0   00:00   0,0   00:00   0,0   0,0   0,0  ----   0,0   00:00     N
08   0,0   0,0   00:00   0,0   00:00   0,0   0,0   0,0  ----   0,0   00:00     N
09  13,3  15,2   17:29   0,0   17:29   1,2   0,0   0,0   2,3   8,7   17:48   SSW
10  13,4  17,8   16:21   9,5   03:57   4,9   0,0   0,0   1,5  15,1   16:00     W
----------------------------------------------------------------------------------
     2,7  17,8    10     0,0     1     6,1   0,0   0,0   1,7  15,1    10      SW

Max >=  27,0  0
Max <=  15,0  8
Min <=  10,0 10
Min <=   5,0  9
Max Rain: 0,0 on day 0
Days of Rain: 0 (>= 0,2 mm)  0 (>= 2,0 mm)  0 (>= 20,0 mm)
Heat Base: 18,3  Cool Base: 18,3  Method: Integration